Last updated on 2014-10-10 15:49:17.
Flavor | Version | Tinstall | Tcheck | Ttotal | Status | Flags |
---|---|---|---|---|---|---|
r-devel-linux-x86_64-debian-clang | 0.9 | 2.08 | 19.15 | 21.23 | NOTE | |
r-devel-linux-x86_64-debian-gcc | 0.9 | 2.26 | 18.94 | 21.20 | NOTE | |
r-devel-linux-x86_64-fedora-clang | 0.9 | 47.64 | NOTE | |||
r-devel-linux-x86_64-fedora-gcc | 0.9 | 41.79 | NOTE | |||
r-devel-osx-x86_64-clang | 0.9 | 44.59 | NOTE | |||
r-devel-windows-ix86+x86_64 | 0.9 | 6.00 | 29.00 | 35.00 | NOTE | |
r-patched-linux-x86_64 | 0.9 | 2.14 | 19.75 | 21.88 | NOTE | |
r-patched-solaris-sparc | 0.9 | 264.70 | NOTE | |||
r-patched-solaris-x86 | 0.9 | 63.80 | NOTE | |||
r-release-linux-ix86 | 0.9 | 2.82 | 25.63 | 28.45 | NOTE | |
r-release-linux-x86_64 | 0.9 | 2.20 | 19.75 | 21.95 | NOTE | |
r-release-osx-x86_64-mavericks | 0.9 | NOTE | ||||
r-release-osx-x86_64-snowleopard | 0.9 | NOTE | ||||
r-release-windows-ix86+x86_64 | 0.9 | 9.00 | 30.00 | 39.00 | NOTE | |
r-oldrel-windows-ix86+x86_64 | 0.9 | 5.00 | 31.00 | 36.00 | NOTE |
Version: 0.9
Check: installed package size
Result: NOTE
installed size is 12.2Mb
sub-directories of 1Mb or more:
java 12.1Mb
Flavors: r-devel-linux-x86_64-debian-clang, r-devel-linux-x86_64-debian-gcc, r-devel-linux-x86_64-fedora-clang, r-devel-linux-x86_64-fedora-gcc, r-devel-osx-x86_64-clang, r-devel-windows-ix86+x86_64, r-patched-linux-x86_64, r-patched-solaris-sparc, r-patched-solaris-x86, r-release-linux-ix86, r-release-linux-x86_64, r-release-osx-x86_64-mavericks, r-release-osx-x86_64-snowleopard, r-release-windows-ix86+x86_64, r-oldrel-windows-ix86+x86_64
Version: 0.9
Check: dependencies in R code
Result: NOTE
Namespace in Imports field not imported from: ‘methods’
All declared Imports should be used.
See the information on DESCRIPTION files in the chapter ‘Creating R
packages’ of the ‘Writing R Extensions’ manual.
Flavors: r-devel-linux-x86_64-debian-clang, r-devel-linux-x86_64-debian-gcc, r-devel-linux-x86_64-fedora-clang, r-devel-linux-x86_64-fedora-gcc, r-devel-osx-x86_64-clang, r-devel-windows-ix86+x86_64, r-patched-linux-x86_64, r-patched-solaris-sparc, r-patched-solaris-x86, r-release-linux-ix86, r-release-linux-x86_64, r-release-osx-x86_64-mavericks, r-release-osx-x86_64-snowleopard, r-release-windows-ix86+x86_64, r-oldrel-windows-ix86+x86_64