Last updated on 2014-10-10 15:49:18.
Flavor | Version | Tinstall | Tcheck | Ttotal | Status | Flags |
---|---|---|---|---|---|---|
r-devel-linux-x86_64-debian-clang | 0.1.31 | 5.09 | 51.33 | 56.42 | NOTE | |
r-devel-linux-x86_64-debian-gcc | 0.1.31 | 4.77 | 50.67 | 55.44 | NOTE | |
r-devel-linux-x86_64-fedora-clang | 0.1.31 | 150.98 | NOTE | |||
r-devel-linux-x86_64-fedora-gcc | 0.1.31 | 132.42 | NOTE | |||
r-devel-osx-x86_64-clang | 0.1.31 | 108.53 | NOTE | |||
r-devel-windows-ix86+x86_64 | 0.1.31 | 10.00 | 77.00 | 87.00 | NOTE | |
r-patched-linux-x86_64 | 0.1.31 | 4.91 | 51.94 | 56.85 | NOTE | |
r-patched-solaris-sparc | 0.1.31 | 743.60 | NOTE | |||
r-patched-solaris-x86 | 0.1.31 | 187.70 | NOTE | |||
r-release-linux-ix86 | 0.1.31 | 6.17 | 65.14 | 71.30 | NOTE | |
r-release-linux-x86_64 | 0.1.31 | 5.13 | 52.74 | 57.88 | NOTE | |
r-release-osx-x86_64-mavericks | 0.1.31 | NOTE | ||||
r-release-osx-x86_64-snowleopard | 0.1.31 | NOTE | ||||
r-release-windows-ix86+x86_64 | 0.1.31 | 13.00 | 77.00 | 90.00 | NOTE | |
r-oldrel-windows-ix86+x86_64 | 0.1.31 | 14.00 | 73.00 | 87.00 | NOTE |
Version: 0.1.31
Check: dependencies in R code
Result: NOTE
'library' or 'require' call to ‘graph’ which was already attached by Depends.
Please remove these calls from your code.
Packages in Depends field not imported from:
‘graph’ ‘methods’
These packages need to be imported from (in the NAMESPACE file)
for when this namespace is loaded but not attached.
See the information on DESCRIPTION files in the chapter ‘Creating R
packages’ of the ‘Writing R Extensions’ manual.
Flavors: r-devel-linux-x86_64-debian-clang, r-devel-linux-x86_64-debian-gcc, r-devel-linux-x86_64-fedora-clang, r-devel-linux-x86_64-fedora-gcc, r-devel-osx-x86_64-clang, r-devel-windows-ix86+x86_64, r-patched-linux-x86_64, r-patched-solaris-sparc, r-patched-solaris-x86, r-release-linux-ix86, r-release-linux-x86_64, r-release-osx-x86_64-mavericks, r-release-osx-x86_64-snowleopard, r-release-windows-ix86+x86_64, r-oldrel-windows-ix86+x86_64
Version: 0.1.31
Check: R code for possible problems
Result: NOTE
buildGraph,RSeed: no visible global function definition for ‘rhs<-’
buildGraph,RSeed: no visible global function definition for ‘rhs’
plot,RSeed-missing: no visible global function definition for
‘combineNodes’
plot,RSeed-missing: no visible global function definition for ‘nodes’
plot,RSeed-missing : dn: no visible global function definition for
‘getNodeCenter’
plot,RSeed-missing : dn: no visible global function definition for
‘getX’
plot,RSeed-missing : dn: no visible global function definition for
‘getY’
plot,RSeed-missing : dn: no visible global function definition for
‘getNodeLW’
plot,RSeed-missing : dn: no visible global function definition for
‘getNodeRW’
plot,RSeed-missing : dn: no visible global function definition for
‘getNodeHeight’
plot,RSeed-missing : dn: no visible global function definition for
‘color’
plot,RSeed-missing : dn: no visible global function definition for
‘fillcolor’
plot,RSeed-missing : dn: no visible global function definition for
‘name’
plot,RSeed-missing: no visible global function definition for ‘agopen’
sourceCompounds,RSeed: no visible global function definition for
‘nodes’
sourceCompounds,RSeed: no visible global function definition for
‘edges’
sourceCompounds,RSeed: no visible global function definition for
‘degree’
Flavors: r-devel-linux-x86_64-debian-clang, r-devel-linux-x86_64-debian-gcc, r-devel-linux-x86_64-fedora-clang, r-devel-linux-x86_64-fedora-gcc, r-devel-osx-x86_64-clang, r-devel-windows-ix86+x86_64
Version: 0.1.31
Check: R code for possible problems
Result: NOTE
buildGraph,RSeed: no visible global function definition for ‘rhs<-’
buildGraph,RSeed: no visible global function definition for ‘rhs’
Flavors: r-patched-linux-x86_64, r-patched-solaris-sparc, r-patched-solaris-x86, r-release-linux-ix86, r-release-linux-x86_64, r-release-osx-x86_64-mavericks, r-release-osx-x86_64-snowleopard, r-release-windows-ix86+x86_64, r-oldrel-windows-ix86+x86_64