Last updated on 2014-10-10 15:49:16.
Flavor | Version | Tinstall | Tcheck | Ttotal | Status | Flags |
---|---|---|---|---|---|---|
r-devel-linux-x86_64-debian-clang | 1.0.8 | 3.34 | 66.20 | 69.54 | NOTE | |
r-devel-linux-x86_64-debian-gcc | 1.0.8 | 3.91 | 63.24 | 67.14 | NOTE | |
r-devel-linux-x86_64-fedora-clang | 1.0.8 | 148.45 | NOTE | |||
r-devel-linux-x86_64-fedora-gcc | 1.0.8 | 134.99 | NOTE | |||
r-devel-osx-x86_64-clang | 1.0.8 | 125.97 | NOTE | |||
r-devel-windows-ix86+x86_64 | 1.0.8 | 9.00 | 100.00 | 109.00 | NOTE | |
r-patched-linux-x86_64 | 1.0.8 | 3.31 | 70.90 | 74.20 | OK | |
r-patched-solaris-sparc | 1.0.8 | 972.50 | NOTE | |||
r-patched-solaris-x86 | 1.0.8 | 189.60 | NOTE | |||
r-release-linux-ix86 | 1.0.8 | 4.45 | 89.54 | 93.99 | OK | |
r-release-linux-x86_64 | 1.0.8 | 3.36 | 71.62 | 74.98 | OK | |
r-release-osx-x86_64-mavericks | 1.0.8 | OK | ||||
r-release-osx-x86_64-snowleopard | 1.0.8 | OK | ||||
r-release-windows-ix86+x86_64 | 1.0.8 | 11.00 | 108.00 | 119.00 | OK | |
r-oldrel-windows-ix86+x86_64 | 1.0.8 | 11.00 | 101.00 | 112.00 | OK |
Version: 1.0.8
Check: package namespace information
Result: NOTE
Namespaces with empty importFrom:
‘geometry’ ‘oro.dicom’ ‘ptinpoly’ ‘rgl’ ‘stats’ ‘utils’
Flavors: r-devel-linux-x86_64-debian-clang, r-devel-linux-x86_64-debian-gcc, r-devel-linux-x86_64-fedora-clang, r-devel-linux-x86_64-fedora-gcc, r-devel-osx-x86_64-clang, r-devel-windows-ix86+x86_64
Version: 1.0.8
Check: R code for possible problems
Result: NOTE
plot.zDVH: no visible global function definition for ‘persp3d’
pointInPoly2D: no visible global function definition for ‘pip2d’
read.DICOM.RT: no visible global function definition for ‘readDICOM’
read.DICOM.RT: no visible global function definition for ‘create3D’
read.DICOM.RT: no visible global function definition for
‘readDICOMFile’
Flavors: r-devel-linux-x86_64-debian-clang, r-devel-linux-x86_64-debian-gcc, r-devel-linux-x86_64-fedora-clang, r-devel-linux-x86_64-fedora-gcc, r-devel-osx-x86_64-clang, r-devel-windows-ix86+x86_64
Version: 1.0.8
Check: installed package size
Result: NOTE
installed size is 5.2Mb
sub-directories of 1Mb or more:
data 2.3Mb
extdata 1.5Mb
Flavors: r-patched-solaris-sparc, r-patched-solaris-x86