CRAN Package Check Results for Package Rchoice

Last updated on 2014-10-10 15:49:16.

Flavor Version Tinstall Tcheck Ttotal Status Flags
r-devel-linux-x86_64-debian-clang 0.1 2.43 416.06 418.50 NOTE
r-devel-linux-x86_64-debian-gcc 0.1 2.34 384.95 387.28 NOTE
r-devel-linux-x86_64-fedora-clang 0.1 791.99 NOTE
r-devel-linux-x86_64-fedora-gcc 0.1 709.70 NOTE
r-devel-osx-x86_64-clang 0.1 579.05 NOTE
r-devel-windows-ix86+x86_64 0.1 9.00 579.00 588.00 NOTE
r-patched-linux-x86_64 0.1 2.57 411.40 413.97 OK
r-patched-solaris-sparc 0.1 415.00 OK --no-vignettes
r-patched-solaris-x86 0.1 860.30 OK
r-release-linux-ix86 0.1 3.00 505.36 508.35 OK
r-release-linux-x86_64 0.1 2.40 413.76 416.16 OK
r-release-osx-x86_64-mavericks 0.1 NOTE
r-release-osx-x86_64-snowleopard 0.1 OK
r-release-windows-ix86+x86_64 0.1 9.00 645.00 654.00 NOTE
r-oldrel-windows-ix86+x86_64 0.1 9.00 630.00 639.00 NOTE

Check Details

Version: 0.1
Check: R code for possible problems
Result: NOTE
    BIC.Rchoice: no visible global function definition for ‘nObs’
    Rchoice: no visible global function definition for ‘nObs’
    Rchoice: no visible global function definition for ‘nParam’
    bread.Rchoice: no visible global function definition for ‘nObs’
    getSummary.Rchoice: no visible global function definition for ‘nObs’
    logLik.Rchoice: no visible global function definition for ‘nObs’
Flavors: r-devel-linux-x86_64-debian-clang, r-devel-linux-x86_64-debian-gcc, r-devel-linux-x86_64-fedora-clang, r-devel-linux-x86_64-fedora-gcc, r-devel-osx-x86_64-clang, r-devel-windows-ix86+x86_64

Version: 0.1
Check: re-building of vignette outputs
Result: NOTE
    Error in re-building vignettes:
     ...
    Please cite the 'maxLik' package as:
    Henningsen, Arne and Toomet, Ott (2011). maxLik: A package for maximum likelihood estimation in R. Computational Statistics 26(3), 443-458. DOI 10.1007/s00180-010-0217-1.
    
    If you have questions, suggestions, or comments regarding the 'maxLik' package, please use a forum or 'tracker' at maxLik's R-Forge site:
    https://r-forge.r-project.org/projects/maxlik/
    Loading required package: Formula
    Loading required package: zoo
    
    Attaching package: 'zoo'
    
    The following objects are masked from 'package:base':
    
     as.Date, as.Date.numeric
    
    Warning: Model assumes no constant in S variables...updating formula
    Error: running 'texi2dvi' on 'Rchoice.tex' failed
    
    BibTeX errors:
    I couldn't open database file Rchoice.bib.bib
    ---line 57 of file Rchoice.aux
     : \bibdata{Rchoice.bib
     : }
    I'm skipping whatever remains of this command
    I found no database files---while reading file Rchoice.aux
    Execution halted
Flavors: r-devel-windows-ix86+x86_64, r-release-windows-ix86+x86_64, r-oldrel-windows-ix86+x86_64

Version: 0.1
Check: re-building of vignette outputs
Result: NOTE
    Error in re-building vignettes:
     ...
    
    If you have questions, suggestions, or comments regarding the 'maxLik' package, please use a forum or 'tracker' at maxLik's R-Forge site:
    https://r-forge.r-project.org/projects/maxlik/
    Loading required package: Formula
    Loading required package: zoo
    
    Attaching package: ‘zoo’
    
    The following objects are masked from ‘package:base’:
    
     as.Date, as.Date.numeric
    
    Warning: Model assumes no constant in S variables...updating formula
    Error in texi2dvi(file = file, pdf = TRUE, clean = clean, quiet = quiet, :
     Running 'texi2dvi' on 'Rchoice.tex' failed.
    LaTeX errors:
    ! LaTeX Error: File `bbm.sty' not found.
    
    Type X to quit or <RETURN> to proceed,
    or enter new name. (Default extension: sty)
    
    _test/Rchoice/vignettes/Rchoice.tex:5: ==> Fatal error occurred, no output PDF
     file produced!
    Calls: buildVignettes -> texi2pdf -> texi2dvi
    Execution halted
Flavor: r-release-osx-x86_64-mavericks