Last updated on 2014-10-10 15:49:17.
Flavor | Version | Tinstall | Tcheck | Ttotal | Status | Flags |
---|---|---|---|---|---|---|
r-devel-linux-x86_64-debian-clang | 0.9 | 16.40 | 94.32 | 110.72 | NOTE | |
r-devel-linux-x86_64-debian-gcc | 0.9 | 16.62 | 94.41 | 111.03 | NOTE | |
r-devel-linux-x86_64-fedora-clang | 0.9 | 263.65 | NOTE | |||
r-devel-linux-x86_64-fedora-gcc | 0.9 | 247.01 | NOTE | |||
r-devel-osx-x86_64-clang | 0.9 | 199.22 | NOTE | |||
r-devel-windows-ix86+x86_64 | 0.9 | 26.00 | 136.00 | 162.00 | NOTE | |
r-patched-linux-x86_64 | 0.9 | 16.49 | 104.26 | 120.76 | OK | |
r-patched-solaris-sparc | 0.9 | 1512.00 | OK | |||
r-patched-solaris-x86 | 0.9 | 320.10 | OK | |||
r-release-linux-ix86 | 0.9 | 21.07 | 122.42 | 143.49 | OK | |
r-release-linux-x86_64 | 0.9 | 16.83 | 102.79 | 119.62 | OK | |
r-release-osx-x86_64-mavericks | 0.9 | OK | ||||
r-release-osx-x86_64-snowleopard | 0.9 | WARN | ||||
r-release-windows-ix86+x86_64 | 0.9 | 30.00 | 157.00 | 187.00 | OK | |
r-oldrel-windows-ix86+x86_64 | 0.9 | 31.00 | 138.00 | 169.00 | OK |
Version: 0.9
Check: R code for possible problems
Result: NOTE
.onAttach: no visible global function definition for
‘buildStartupMessage’
RobAStBaseMASK: no visible global function definition for ‘infoShow’
Flavors: r-devel-linux-x86_64-debian-clang, r-devel-linux-x86_64-debian-gcc, r-devel-linux-x86_64-fedora-clang, r-devel-linux-x86_64-fedora-gcc, r-devel-osx-x86_64-clang, r-devel-windows-ix86+x86_64
Version: 0.9
Check: package dependencies
Result: NOTE
Package suggested but not available for checking: 'ROptEst'
Flavor: r-release-osx-x86_64-snowleopard
Version: 0.9
Check: Rd cross-references
Result: NOTE
Package unavailable to check Rd xrefs: 'ROptEst'
Flavor: r-release-osx-x86_64-snowleopard
Version: 0.9
Check: examples
Result: WARN
checking a package with encoding 'latin1' in an ASCII locale
OK
Flavor: r-release-osx-x86_64-snowleopard