Last updated on 2014-10-10 15:49:18.
Flavor | Version | Tinstall | Tcheck | Ttotal | Status | Flags |
---|---|---|---|---|---|---|
r-devel-linux-x86_64-debian-clang | 0.1-3 | 4.08 | 26.62 | 30.71 | NOTE | |
r-devel-linux-x86_64-debian-gcc | 0.1-3 | 5.54 | 20.58 | 26.12 | NOTE | |
r-devel-linux-x86_64-fedora-clang | 0.1-3 | 46.29 | NOTE | |||
r-devel-linux-x86_64-fedora-gcc | 0.1-3 | 44.11 | NOTE | |||
r-devel-osx-x86_64-clang | 0.1-3 | 45.54 | NOTE | |||
r-devel-windows-ix86+x86_64 | 0.1-3 | 24.00 | 42.00 | 66.00 | NOTE | |
r-patched-linux-x86_64 | 0.1-3 | 5.60 | 19.60 | 25.20 | NOTE | |
r-patched-solaris-sparc | 0.1-3 | 279.80 | OK | |||
r-patched-solaris-x86 | 0.1-3 | 67.60 | OK | |||
r-release-linux-ix86 | 0.1-3 | 8.61 | 27.38 | 35.99 | OK | |
r-release-linux-x86_64 | 0.1-3 | 5.73 | 19.75 | 25.48 | NOTE | |
r-release-osx-x86_64-mavericks | 0.1-3 | OK | ||||
r-release-osx-x86_64-snowleopard | 0.1-3 | OK | ||||
r-release-windows-ix86+x86_64 | 0.1-3 | 24.00 | 39.00 | 63.00 | OK | |
r-oldrel-windows-ix86+x86_64 | 0.1-3 | 25.00 | 39.00 | 64.00 | OK |
Version: 0.1-3
Check: top-level files
Result: NOTE
Non-standard file/directory found at top level:
‘dos2unix.sh’
Flavors: r-devel-linux-x86_64-debian-clang, r-devel-linux-x86_64-debian-gcc, r-devel-linux-x86_64-fedora-clang, r-devel-linux-x86_64-fedora-gcc, r-patched-linux-x86_64, r-release-linux-x86_64
Version: 0.1-3
Check: R code for possible problems
Result: NOTE
Analyze: no visible global function definition for ‘mcmc’
Analyze: no visible global function definition for ‘varnames<-’
AnalyzeWithExitPoll: no visible global function definition for ‘mcmc’
AnalyzeWithExitPoll: no visible global function definition for
‘varnames<-’
form.mcmc.object: no visible global function definition for
‘varnames<-’
gq.summary: no visible global function definition for ‘mcmc.list’
gq.summary: no visible global function definition for ‘mcmc’
gq_diagnostics: no visible global function definition for ‘mcmc.list’
gq_diagnostics: no visible global function definition for ‘mcmc’
gq_diagnostics: no visible global function definition for ‘gelman.diag’
gq_diagnostics: no visible global function definition for ‘geweke.diag’
gq_diagnostics: no visible global function definition for ‘heidel.diag’
gq_diagnostics: no visible global function definition for
‘autocorr.diag’
Flavors: r-devel-linux-x86_64-debian-clang, r-devel-linux-x86_64-debian-gcc, r-devel-linux-x86_64-fedora-clang, r-devel-linux-x86_64-fedora-gcc, r-devel-osx-x86_64-clang, r-devel-windows-ix86+x86_64