Last updated on 2014-10-10 15:49:18.
Flavor | Version | Tinstall | Tcheck | Ttotal | Status | Flags |
---|---|---|---|---|---|---|
r-devel-linux-x86_64-debian-clang | 0.9.3.9.2 | 3.25 | 23.62 | 26.87 | OK | |
r-devel-linux-x86_64-debian-gcc | 0.9.3.9.2 | 4.06 | 23.68 | 27.74 | OK | |
r-devel-linux-x86_64-fedora-clang | 0.9.3.9.2 | 55.02 | OK | |||
r-devel-linux-x86_64-fedora-gcc | 0.9.3.9.2 | 51.98 | OK | |||
r-devel-osx-x86_64-clang | 0.9.3.9.2 | 52.98 | OK | |||
r-devel-windows-ix86+x86_64 | 0.9.3.9.2 | 18.00 | 44.00 | 62.00 | OK | |
r-patched-linux-x86_64 | 0.9.3.9.2 | 4.08 | 23.91 | 28.00 | OK | |
r-patched-solaris-sparc | 0.9.3.9.2 | 300.60 | OK | |||
r-patched-solaris-x86 | 0.9.3.9.2 | 74.80 | OK | |||
r-release-linux-ix86 | 0.9.3.9.2 | 5.16 | 31.35 | 36.51 | OK | |
r-release-linux-x86_64 | 0.9.3.9.2 | 4.04 | 25.12 | 29.16 | OK | |
r-release-osx-x86_64-mavericks | 0.9.3.9.2 | NOTE | ||||
r-release-osx-x86_64-snowleopard | 0.9.3.9.2 | OK | ||||
r-release-windows-ix86+x86_64 | 0.9.3.9.2 | 17.00 | 48.00 | 65.00 | OK | |
r-oldrel-windows-ix86+x86_64 | 0.9.3.9.2 | 18.00 | 43.00 | 61.00 | OK |
Version: 0.9.3.9.2
Check: re-building of vignette outputs
Result: NOTE
Error in re-building vignettes:
...
Error in texi2dvi(file = file, pdf = TRUE, clean = clean, quiet = quiet, :
Running 'texi2dvi' on 'SAVE.tex' failed.
LaTeX errors:
! LaTeX Error: File `utf8x.def' not found.
Type X to quit or <RETURN> to proceed,
or enter new name. (Default extension: def)
Calls: buildVignettes -> texi2pdf -> texi2dvi
Execution halted
Flavor: r-release-osx-x86_64-mavericks