Last updated on 2014-10-10 15:49:19.
Flavor | Version | Tinstall | Tcheck | Ttotal | Status | Flags |
---|---|---|---|---|---|---|
r-devel-linux-x86_64-debian-clang | 0.1 | 3.29 | 40.46 | 43.74 | NOTE | |
r-devel-linux-x86_64-debian-gcc | 0.1 | 3.04 | 40.20 | 43.23 | NOTE | |
r-devel-linux-x86_64-fedora-clang | 0.1 | 101.58 | NOTE | |||
r-devel-linux-x86_64-fedora-gcc | 0.1 | 98.48 | NOTE | |||
r-devel-osx-x86_64-clang | 0.1 | 79.11 | NOTE | |||
r-devel-windows-ix86+x86_64 | 0.1 | 8.00 | 64.00 | 72.00 | NOTE | |
r-patched-linux-x86_64 | 0.1 | 3.34 | 45.57 | 48.91 | NOTE | |
r-patched-solaris-sparc | 0.1 | 539.50 | NOTE | |||
r-patched-solaris-x86 | 0.1 | 140.00 | NOTE | |||
r-release-linux-ix86 | 0.1 | 3.92 | 49.60 | 53.52 | NOTE | |
r-release-linux-x86_64 | 0.1 | 3.24 | 44.03 | 47.27 | NOTE | |
r-release-osx-x86_64-mavericks | 0.1 | NOTE | ||||
r-release-osx-x86_64-snowleopard | 0.1 | OK | ||||
r-release-windows-ix86+x86_64 | 0.1 | 9.00 | 65.00 | 74.00 | NOTE | |
r-oldrel-windows-ix86+x86_64 | 0.1 | 8.00 | 54.00 | 62.00 | NOTE |
Version: 0.1
Check: dependencies in R code
Result: NOTE
Packages in Depends field not imported from:
‘Matrix’ ‘glmnet’ ‘lattice’
These packages need to be imported from (in the NAMESPACE file)
for when this namespace is loaded but not attached.
See the information on DESCRIPTION files in the chapter ‘Creating R
packages’ of the ‘Writing R Extensions’ manual.
Flavors: r-devel-linux-x86_64-debian-clang, r-devel-linux-x86_64-debian-gcc, r-devel-linux-x86_64-fedora-clang, r-devel-linux-x86_64-fedora-gcc, r-devel-osx-x86_64-clang, r-devel-windows-ix86+x86_64, r-patched-linux-x86_64, r-patched-solaris-sparc, r-patched-solaris-x86, r-release-linux-ix86, r-release-linux-x86_64, r-release-osx-x86_64-mavericks, r-release-windows-ix86+x86_64, r-oldrel-windows-ix86+x86_64
Version: 0.1
Check: R code for possible problems
Result: NOTE
lasso.stars: no visible global function definition for ‘glmnet’
Flavors: r-devel-linux-x86_64-debian-clang, r-devel-linux-x86_64-debian-gcc, r-devel-linux-x86_64-fedora-clang, r-devel-linux-x86_64-fedora-gcc, r-devel-osx-x86_64-clang, r-devel-windows-ix86+x86_64