Last updated on 2014-10-10 15:49:19.
Flavor | Version | Tinstall | Tcheck | Ttotal | Status | Flags |
---|---|---|---|---|---|---|
r-devel-linux-x86_64-debian-clang | 1.9-2 | 1.50 | 36.89 | 38.39 | NOTE | |
r-devel-linux-x86_64-debian-gcc | 1.9-2 | 1.45 | 36.17 | 37.62 | NOTE | |
r-devel-linux-x86_64-fedora-clang | 1.9-2 | 83.40 | NOTE | |||
r-devel-linux-x86_64-fedora-gcc | 1.9-2 | 78.65 | NOTE | |||
r-devel-osx-x86_64-clang | 1.9-2 | 67.76 | NOTE | |||
r-devel-windows-ix86+x86_64 | 1.9-2 | 4.00 | 53.00 | 57.00 | NOTE | |
r-patched-linux-x86_64 | 1.9-2 | 1.52 | 38.81 | 40.33 | NOTE | |
r-patched-solaris-sparc | 1.9-2 | 532.20 | NOTE | |||
r-patched-solaris-x86 | 1.9-2 | 107.10 | NOTE | |||
r-release-linux-ix86 | 1.9-2 | 2.00 | 51.51 | 53.50 | OK | |
r-release-linux-x86_64 | 1.9-2 | 1.47 | 39.47 | 40.94 | OK | |
r-release-osx-x86_64-mavericks | 1.9-2 | OK | ||||
r-release-osx-x86_64-snowleopard | 1.9-2 | OK | ||||
r-release-windows-ix86+x86_64 | 1.9-2 | 5.00 | 67.00 | 72.00 | OK | |
r-oldrel-windows-ix86+x86_64 | 1.9-2 | 5.00 | 54.00 | 59.00 | OK |
Version: 1.9-2
Check: dependencies in R code
Result: NOTE
Package in Depends field not imported from: ‘parallel’
These packages need to be imported from (in the NAMESPACE file)
for when this namespace is loaded but not attached.
See the information on DESCRIPTION files in the chapter ‘Creating R
packages’ of the ‘Writing R Extensions’ manual.
Flavors: r-devel-linux-x86_64-debian-clang, r-devel-linux-x86_64-debian-gcc, r-devel-linux-x86_64-fedora-clang, r-devel-linux-x86_64-fedora-gcc, r-devel-osx-x86_64-clang, r-devel-windows-ix86+x86_64, r-patched-linux-x86_64, r-patched-solaris-sparc, r-patched-solaris-x86
Version: 1.9-2
Check: R code for possible problems
Result: NOTE
WGassociation: no visible global function definition for ‘mclapply’
interleave: no visible global function definition for ‘mclapply’
setupSNP: no visible global function definition for ‘mclapply’
summary.setupSNP: no visible global function definition for ‘mclapply’
tableHWE: no visible global function definition for ‘mclapply’
Flavors: r-devel-linux-x86_64-debian-clang, r-devel-linux-x86_64-debian-gcc, r-devel-linux-x86_64-fedora-clang, r-devel-linux-x86_64-fedora-gcc, r-devel-osx-x86_64-clang, r-devel-windows-ix86+x86_64