CRAN Package Check Results for Package StatRank

Last updated on 2014-10-10 15:49:20.

Flavor Version Tinstall Tcheck Ttotal Status Flags
r-devel-linux-x86_64-debian-clang 0.0.4 1.41 28.82 30.23 NOTE
r-devel-linux-x86_64-debian-gcc 0.0.4 1.52 28.35 29.87 NOTE
r-devel-linux-x86_64-fedora-clang 0.0.4 61.19 NOTE
r-devel-linux-x86_64-fedora-gcc 0.0.4 57.17 NOTE
r-devel-osx-x86_64-clang 0.0.4 56.13 NOTE
r-devel-windows-ix86+x86_64 0.0.4 4.00 40.00 44.00 NOTE
r-patched-linux-x86_64 0.0.4 1.43 30.97 32.40 OK
r-patched-solaris-sparc 0.0.4 400.80 OK
r-patched-solaris-x86 0.0.4 81.30 OK
r-release-linux-ix86 0.0.4 1.90 39.28 41.18 OK
r-release-linux-x86_64 0.0.4 1.49 30.61 32.10 OK
r-release-osx-x86_64-mavericks 0.0.4 OK
r-release-osx-x86_64-snowleopard 0.0.4 OK
r-release-windows-ix86+x86_64 0.0.4 4.00 47.00 51.00 OK
r-oldrel-windows-ix86+x86_64 0.0.4 5.00 50.00 55.00 OK

Check Details

Version: 0.0.4
Check: R code for possible problems
Result: NOTE
    Visualization.Empirical: no visible global function definition for
     ‘ggplot’
    Visualization.Empirical: no visible global function definition for
     ‘aes’
    Visualization.Empirical: no visible global function definition for
     ‘geom_bar’
    Visualization.Empirical: no visible global function definition for
     ‘scale_x_reverse’
    Visualization.Empirical: no visible global function definition for
     ‘ggtitle’
    Visualization.Empirical: no visible global function definition for
     ‘labs’
    Visualization.Empirical: no visible global function definition for
     ‘scale_y_continuous’
    Visualization.Empirical: no visible binding for global variable
     ‘grid.arrange’
    Visualization.MultiType: no visible global function definition for
     ‘ggplot’
    Visualization.MultiType: no visible global function definition for
     ‘aes’
    Visualization.MultiType: no visible global function definition for
     ‘geom_line’
    Visualization.MultiType: no visible global function definition for
     ‘labs’
    Visualization.MultiType: no visible global function definition for
     ‘geom_vline’
    Visualization.MultiType: no visible global function definition for
     ‘scale_color_manual’
    Visualization.MultiType: no visible global function definition for
     ‘scale_linetype_manual’
    Visualization.MultiType: no visible global function definition for
     ‘theme’
    Visualization.MultiType: no visible binding for global variable
     ‘grid.arrange’
    Visualization.Pairwise.Probabilities : Generate.Pairwise.Matrix.Plot:
     no visible global function definition for ‘ggplot’
    Visualization.Pairwise.Probabilities : Generate.Pairwise.Matrix.Plot:
     no visible global function definition for ‘aes’
    Visualization.Pairwise.Probabilities : Generate.Pairwise.Matrix.Plot:
     no visible global function definition for ‘geom_tile’
    Visualization.Pairwise.Probabilities : Generate.Pairwise.Matrix.Plot:
     no visible global function definition for ‘geom_text’
    Visualization.Pairwise.Probabilities : Generate.Pairwise.Matrix.Plot:
     no visible global function definition for ‘scale_fill_gradient’
    Visualization.Pairwise.Probabilities : Generate.Pairwise.Matrix.Plot:
     no visible global function definition for ‘labs’
    Visualization.Pairwise.Probabilities : Generate.Pairwise.Matrix.Plot:
     no visible global function definition for ‘scale_x_discrete’
    Visualization.Pairwise.Probabilities : Generate.Pairwise.Matrix.Plot:
     no visible global function definition for ‘scale_y_reverse’
    Visualization.Pairwise.Probabilities : Generate.Pairwise.Matrix.Plot:
     no visible global function definition for ‘theme_bw’
    Visualization.Pairwise.Probabilities : Generate.Pairwise.Matrix.Plot:
     no visible global function definition for ‘theme’
    Visualization.Pairwise.Probabilities : Generate.Pairwise.Matrix.Plot:
     no visible global function definition for ‘element_blank’
    Visualization.Pairwise.Probabilities : Generate.Pairwise.Matrix.Plot:
     no visible global function definition for ‘element_text’
    Visualization.Pairwise.Probabilities : Generate.Pairwise.Matrix.Plot:
     no visible global function definition for ‘coord_fixed’
    Visualization.Pairwise.Probabilities : Generate.Pairwise.Matrix.Plot:
     no visible global function definition for ‘guides’
    Visualization.Pairwise.Probabilities : Generate.Pairwise.Matrix.Plot:
     no visible global function definition for ‘guide_legend’
    Visualization.Pairwise.Probabilities: no visible global function
     definition for ‘grid.arrange’
    Visualization.Pairwise.Probabilities: no visible global function
     definition for ‘textGrob’
    Visualization.Pairwise.Probabilities: no visible global function
     definition for ‘gpar’
    Visualization.RUMplots.Exponential : <anonymous>: no visible global
     function definition for ‘qplot’
    Visualization.RUMplots.Exponential : <anonymous>: no visible global
     function definition for ‘labs’
    Visualization.RUMplots.Exponential : <anonymous>: no visible global
     function definition for ‘geom_vline’
    Visualization.RUMplots.Exponential: no visible binding for global
     variable ‘grid.arrange’
    Visualization.RUMplots.Gumbel : <anonymous>: no visible global function
     definition for ‘qplot’
    Visualization.RUMplots.Gumbel : <anonymous>: no visible global function
     definition for ‘labs’
    Visualization.RUMplots.Gumbel : <anonymous>: no visible global function
     definition for ‘geom_vline’
    Visualization.RUMplots.Gumbel: no visible binding for global variable
     ‘grid.arrange’
    Visualization.RUMplots.Nonparametric : <anonymous>: no visible global
     function definition for ‘qplot’
    Visualization.RUMplots.Nonparametric : <anonymous>: no visible global
     function definition for ‘labs’
    Visualization.RUMplots.Nonparametric : <anonymous>: no visible global
     function definition for ‘scale_y_continuous’
    Visualization.RUMplots.Nonparametric: no visible binding for global
     variable ‘grid.arrange’
    Visualization.Surfaceplots : makewireframe: no visible global function
     definition for ‘wireframe’
    Visualization.Surfaceplots: no visible global function definition for
     ‘grid.arrange’
Flavors: r-devel-linux-x86_64-debian-clang, r-devel-linux-x86_64-debian-gcc, r-devel-linux-x86_64-fedora-clang, r-devel-linux-x86_64-fedora-gcc, r-devel-osx-x86_64-clang, r-devel-windows-ix86+x86_64