CRAN Package Check Results for Package VecStatGraphs3D

Last updated on 2014-10-10 15:49:22.

Flavor Version Tinstall Tcheck Ttotal Status Flags
r-devel-linux-x86_64-debian-clang 1.6 1.22 18.78 20.00 OK
r-devel-linux-x86_64-debian-gcc 1.6 1.18 18.97 20.16 OK
r-devel-linux-x86_64-fedora-clang 1.6 40.63 OK
r-devel-linux-x86_64-fedora-gcc 1.6 21.10 OK
r-devel-osx-x86_64-clang 1.6 23.94 OK
r-devel-windows-ix86+x86_64 1.6 4.00 28.00 32.00 OK
r-patched-linux-x86_64 1.6 1.25 20.03 21.28 OK
r-patched-solaris-sparc 1.6 203.50 OK
r-patched-solaris-x86 1.6 57.50 OK
r-release-linux-ix86 1.5 1.71 28.34 30.04 NOTE
r-release-linux-x86_64 1.6 1.18 19.27 20.45 OK
r-release-osx-x86_64-mavericks 1.6 OK
r-release-osx-x86_64-snowleopard 1.6 ERROR
r-release-windows-ix86+x86_64 1.6 4.00 28.00 32.00 OK
r-oldrel-windows-ix86+x86_64 1.6 5.00 30.00 35.00 OK

Check Details

Version: 1.5
Check: dependencies in R code
Result: NOTE
    'library' or 'require' calls to packages already attached by Depends:
     ‘misc3d’ ‘rgl’ ‘tcltk’
     Please remove these calls from your code.
    See the information on DESCRIPTION files in the chapter ‘Creating R
    packages’ of the ‘Writing R Extensions’ manual.
Flavor: r-release-linux-ix86

Version: 1.6
Check: examples
Result: ERROR
    Running examples in ‘VecStatGraphs3D-Ex.R’ failed
    The error most likely occurred in:
    
    > ### Name: DrawDensity3D
    > ### Title: Graphic representation of a point Density Map.
    > ### Aliases: DrawDensity3D
    > ### Keywords: graphics
    >
    > ### ** Examples
    >
    > FileName<-system.file("data/XYZcoor.txt", package="VecStatGraphs3D")
    > dat<-LoadData3D(FileName, Type=1)
    > coordinates<-dat[,4:6]
    > DrawDensity3D(coordinates, Layers=3, Div=50)
    Thu Oct 9 11:08:28 hagal.research.att.com R[60597] <Error>: unknown error code: invalid pixel format
    Thu Oct 9 11:08:28 hagal.research.att.com R[60597] <Error>: kCGErrorFailure: Set a breakpoint @ CGErrorBreakpoint() to catch errors as they are logged.
    X Error of failed request: GLXBadContext
     Major opcode of failed request: 0 ()
     Serial number of failed request: 27
     Current serial number in output stream: 27
Flavor: r-release-osx-x86_64-snowleopard