CRAN Package Check Results for Package XBRL

Last updated on 2014-10-10 15:49:23.

Flavor Version Tinstall Tcheck Ttotal Status Flags
r-devel-linux-x86_64-debian-clang 0.99.12 33.42 15.67 49.09 NOTE
r-devel-linux-x86_64-debian-gcc 0.99.12 41.77 15.44 57.20 NOTE
r-devel-linux-x86_64-fedora-clang 0.99.12 114.02 NOTE
r-devel-linux-x86_64-fedora-gcc 0.99.12 102.15 NOTE
r-devel-osx-x86_64-clang 0.99.12 74.22 NOTE
r-devel-windows-ix86+x86_64 0.99.12 120.00 46.00 166.00 NOTE
r-patched-linux-x86_64 0.99.12 40.99 15.88 56.87 OK
r-patched-solaris-sparc 0.99.12 582.90 OK
r-patched-solaris-x86 0.99.12 134.40 OK
r-release-linux-ix86 0.99.12 53.78 22.26 76.04 OK
r-release-linux-x86_64 0.99.12 39.84 16.36 56.20 OK
r-release-osx-x86_64-mavericks 0.99.12 OK
r-release-osx-x86_64-snowleopard 0.99.12 OK
r-release-windows-ix86+x86_64 0.99.12 113.00 52.00 165.00 NOTE
r-oldrel-windows-ix86+x86_64 0.99.12 122.00 54.00 176.00 NOTE

Check Details

Version: 0.99.12
Check: package namespace information
Result: NOTE
     Namespace with empty importFrom: ‘Rcpp’
Flavors: r-devel-linux-x86_64-debian-clang, r-devel-linux-x86_64-debian-gcc, r-devel-linux-x86_64-fedora-clang, r-devel-linux-x86_64-fedora-gcc, r-devel-osx-x86_64-clang, r-devel-windows-ix86+x86_64

Version: 0.99.12
Check: installed package size
Result: NOTE
     installed size is 5.6Mb
     sub-directories of 1Mb or more:
     libs 5.5Mb
Flavors: r-devel-windows-ix86+x86_64, r-release-windows-ix86+x86_64, r-oldrel-windows-ix86+x86_64