Last updated on 2014-10-10 15:48:47.
Flavor | Version | Tinstall | Tcheck | Ttotal | Status | Flags |
---|---|---|---|---|---|---|
r-devel-linux-x86_64-debian-clang | 0.3-2 | 2.44 | 29.68 | 32.12 | NOTE | |
r-devel-linux-x86_64-debian-gcc | 0.3-2 | 2.30 | 30.50 | 32.80 | NOTE | |
r-devel-linux-x86_64-fedora-clang | 0.3-2 | 68.50 | NOTE | |||
r-devel-linux-x86_64-fedora-gcc | 0.3-2 | 62.69 | NOTE | |||
r-devel-osx-x86_64-clang | 0.3-2 | 51.15 | NOTE | |||
r-devel-windows-ix86+x86_64 | 0.3-2 | 10.00 | 64.00 | 74.00 | NOTE | |
r-patched-linux-x86_64 | 0.3-2 | 2.93 | 31.36 | 34.28 | NOTE | |
r-patched-solaris-sparc | 0.3-2 | 377.30 | NOTE | |||
r-patched-solaris-x86 | 0.3-2 | 89.20 | NOTE | |||
r-release-linux-ix86 | 0.3-2 | 3.73 | 43.83 | 47.56 | OK | |
r-release-linux-x86_64 | 0.3-2 | 2.42 | 32.04 | 34.45 | OK | |
r-release-osx-x86_64-mavericks | 0.3-2 | OK | ||||
r-release-osx-x86_64-snowleopard | 0.3-2 | OK | ||||
r-release-windows-ix86+x86_64 | 0.3-2 | 9.00 | 69.00 | 78.00 | OK | |
r-oldrel-windows-ix86+x86_64 | 0.3-2 | 10.00 | 69.00 | 79.00 | OK |
Version: 0.3-2
Check: dependencies in R code
Result: NOTE
Package in Depends field not imported from: ‘parallel’
These packages need to be imported from (in the NAMESPACE file)
for when this namespace is loaded but not attached.
See the information on DESCRIPTION files in the chapter ‘Creating R
packages’ of the ‘Writing R Extensions’ manual.
Flavors: r-devel-linux-x86_64-debian-clang, r-devel-linux-x86_64-debian-gcc, r-devel-linux-x86_64-fedora-clang, r-devel-linux-x86_64-fedora-gcc, r-devel-osx-x86_64-clang, r-devel-windows-ix86+x86_64, r-patched-linux-x86_64, r-patched-solaris-sparc, r-patched-solaris-x86
Version: 0.3-2
Check: R code for possible problems
Result: NOTE
cov.mc: no visible global function definition for ‘mclapply’
cov.pi: no visible global function definition for ‘mclapply’
Flavors: r-devel-linux-x86_64-debian-clang, r-devel-linux-x86_64-debian-gcc, r-devel-linux-x86_64-fedora-clang, r-devel-linux-x86_64-fedora-gcc, r-devel-osx-x86_64-clang, r-devel-windows-ix86+x86_64