Last updated on 2014-10-10 15:48:48.
Flavor | Version | Tinstall | Tcheck | Ttotal | Status | Flags |
---|---|---|---|---|---|---|
r-devel-linux-x86_64-debian-clang | 1.3-2 | 2.34 | 28.50 | 30.83 | NOTE | |
r-devel-linux-x86_64-debian-gcc | 1.3-2 | 2.64 | 28.12 | 30.76 | NOTE | |
r-devel-linux-x86_64-fedora-clang | 1.3-2 | 65.30 | NOTE | |||
r-devel-linux-x86_64-fedora-gcc | 1.3-2 | 59.24 | NOTE | |||
r-devel-osx-x86_64-clang | 1.3-2 | 57.05 | NOTE | |||
r-devel-windows-ix86+x86_64 | 1.3-2 | 8.00 | 57.00 | 65.00 | NOTE | |
r-patched-linux-x86_64 | 1.3-2 | 2.71 | 30.21 | 32.92 | NOTE | |
r-patched-solaris-sparc | 1.3-2 | 388.50 | NOTE | |||
r-patched-solaris-x86 | 1.3-2 | 83.20 | NOTE | |||
r-release-linux-ix86 | 1.3-2 | 3.03 | 39.55 | 42.58 | NOTE | |
r-release-linux-x86_64 | 1.3-2 | 3.00 | 31.36 | 34.36 | NOTE | |
r-release-osx-x86_64-mavericks | 1.3-2 | NOTE | ||||
r-release-osx-x86_64-snowleopard | 1.3-2 | OK | ||||
r-release-windows-ix86+x86_64 | 1.3-2 | 11.00 | 62.00 | 73.00 | NOTE | |
r-oldrel-windows-ix86+x86_64 | 1.3-2 | 8.00 | 68.00 | 76.00 | NOTE |
Version: 1.3-2
Check: dependencies in R code
Result: NOTE
Package in Depends field not imported from: ‘EbayesThresh’
These packages need to be imported from (in the NAMESPACE file)
for when this namespace is loaded but not attached.
See the information on DESCRIPTION files in the chapter ‘Creating R
packages’ of the ‘Writing R Extensions’ manual.
Flavors: r-devel-linux-x86_64-debian-clang, r-devel-linux-x86_64-debian-gcc, r-devel-linux-x86_64-fedora-clang, r-devel-linux-x86_64-fedora-gcc, r-devel-osx-x86_64-clang, r-devel-windows-ix86+x86_64, r-patched-linux-x86_64, r-patched-solaris-sparc, r-patched-solaris-x86, r-release-linux-ix86, r-release-linux-x86_64, r-release-osx-x86_64-mavericks, r-release-windows-ix86+x86_64, r-oldrel-windows-ix86+x86_64
Version: 1.3-2
Check: R code for possible problems
Result: NOTE
denoise: no visible global function definition for ‘ebayesthresh’
denoise2: no visible global function definition for ‘ebayesthresh’
denoisehetero: no visible global function definition for ‘ebayesthresh’
denoisehetero2: no visible global function definition for
‘ebayesthresh’
denoiseheteromp: no visible global function definition for
‘ebayesthresh’
denoiseheteroprop: no visible global function definition for
‘ebayesthresh’
denoiseheteroprop2: no visible global function definition for
‘ebayesthresh’
Flavors: r-devel-linux-x86_64-debian-clang, r-devel-linux-x86_64-debian-gcc, r-devel-linux-x86_64-fedora-clang, r-devel-linux-x86_64-fedora-gcc, r-devel-osx-x86_64-clang, r-devel-windows-ix86+x86_64
Version: 1.3-2
Check: Rd line widths
Result: NOTE
Rd file 'PointsUpdatemp.Rd':
\examples lines wider than 100 characters:
u<-PointsUpdatemp(X,coefflist,p$newinfo[[2]],newnbrs,p$newinfo[[3]],31,order(X),p$results[[4]],lengths)
Rd file 'UndoPointsUpdate.Rd':
\examples lines wider than 100 characters:
undo<-UndoPointsUpdate(x,u$coeff,p$newinfo[[2]],p$newinfo[[3]],5,a,99,p2,p$results[[4]],l2,lengths[a])
These lines will be truncated in the PDF manual.
Flavors: r-devel-linux-x86_64-debian-clang, r-devel-linux-x86_64-debian-gcc, r-devel-linux-x86_64-fedora-clang, r-devel-linux-x86_64-fedora-gcc, r-patched-linux-x86_64, r-release-linux-x86_64