CRAN Package Check Results for Package afex

Last updated on 2014-10-10 15:48:48.

Flavor Version Tinstall Tcheck Ttotal Status Flags
r-devel-linux-x86_64-debian-clang 0.10-113 5.58 67.77 73.34 NOTE
r-devel-linux-x86_64-debian-gcc 0.10-113 5.31 66.98 72.29 NOTE
r-devel-linux-x86_64-fedora-clang 0.10-113 176.79 NOTE
r-devel-linux-x86_64-fedora-gcc 0.10-113 166.03 NOTE
r-devel-osx-x86_64-clang 0.10-113 136.89 NOTE
r-devel-windows-ix86+x86_64 0.10-113 15.00 101.00 116.00 NOTE
r-patched-linux-x86_64 0.10-113 5.61 69.89 75.50 OK
r-patched-solaris-sparc 0.10-113 869.40 OK
r-patched-solaris-x86 0.10-113 226.50 OK
r-release-linux-ix86 0.10-113 6.70 86.97 93.67 OK
r-release-linux-x86_64 0.10-113 5.74 72.33 78.07 OK
r-release-osx-x86_64-mavericks 0.10-113 OK
r-release-osx-x86_64-snowleopard 0.10-113 OK
r-release-windows-ix86+x86_64 0.10-113 15.00 102.00 117.00 OK
r-oldrel-windows-ix86+x86_64 0.10-113 13.00 105.00 118.00 OK

Check Details

Version: 0.10-113
Check: R code for possible problems
Result: NOTE
    .model2restrictionMatrix: no visible global function definition for
     ‘rankMatrix’
    .model2restrictionMatrix: no visible global function definition for
     ‘getME’
    .restrictionMatrixBA: no visible global function definition for
     ‘rankMatrix’
    mixed: no visible global function definition for ‘clusterCall’
    mixed: no visible global function definition for ‘clusterExport’
    mixed: no visible global function definition for ‘clusterEvalQ’
    mixed: no visible global function definition for ‘clusterApplyLB’
    mixed : getFvalue: no visible global function definition for ‘fixef’
    mixed : getFvalue: no visible global function definition for
     ‘rankMatrix’
Flavors: r-devel-linux-x86_64-debian-clang, r-devel-linux-x86_64-debian-gcc, r-devel-linux-x86_64-fedora-clang, r-devel-linux-x86_64-fedora-gcc, r-devel-osx-x86_64-clang, r-devel-windows-ix86+x86_64