Last updated on 2014-10-10 15:48:48.
Flavor | Version | Tinstall | Tcheck | Ttotal | Status | Flags |
---|---|---|---|---|---|---|
r-devel-linux-x86_64-debian-clang | 0.4-3 | 1.40 | 20.97 | 22.37 | OK | |
r-devel-linux-x86_64-debian-gcc | 0.4-3 | 1.97 | 19.15 | 21.12 | OK | |
r-devel-linux-x86_64-fedora-clang | 0.4-3 | 43.27 | OK | |||
r-devel-linux-x86_64-fedora-gcc | 0.4-3 | 39.50 | OK | |||
r-devel-osx-x86_64-clang | 0.4-3 | 39.88 | OK | |||
r-devel-windows-ix86+x86_64 | 0.4-3 | 8.00 | 42.00 | 50.00 | OK | |
r-patched-linux-x86_64 | 0.4-3 | 1.75 | 21.39 | 23.14 | OK | |
r-patched-solaris-sparc | 0.4-3 | 274.00 | OK | |||
r-patched-solaris-x86 | 0.4-3 | 67.10 | OK | |||
r-release-linux-ix86 | 0.4-3 | 2.33 | 28.77 | 31.10 | OK | |
r-release-linux-x86_64 | 0.4-3 | 1.75 | 21.10 | 22.85 | OK | |
r-release-osx-x86_64-mavericks | 0.4-3 | ERROR | ||||
r-release-osx-x86_64-snowleopard | 0.4-3 | OK | ||||
r-release-windows-ix86+x86_64 | 0.4-3 | 7.00 | 45.00 | 52.00 | OK | |
r-oldrel-windows-ix86+x86_64 | 0.4-3 | 7.00 | 47.00 | 54.00 | OK |
Version: 0.4-3
Check: package dependencies
Result: NOTE
Package suggested but not available for checking: ‘copula’
Flavor: r-release-osx-x86_64-mavericks
Version: 0.4-3
Check: examples
Result: ERROR
Running examples in ‘aftgee-Ex.R’ failed
The error most likely occurred in:
> ### Name: aftgee
> ### Title: Accelerated Failure Time with Generalize Estimating Equation
> ### Aliases: aftgee summary.aftgee
> ### Keywords: aftgee
>
> ### ** Examples
>
> library(survival)
Loading required package: splines
> library(copula)
Error in library(copula) : there is no package called ‘copula’
Execution halted
Flavor: r-release-osx-x86_64-mavericks