CRAN Package Check Results for Package ape

Last updated on 2014-10-10 15:48:48.

Flavor Version Tinstall Tcheck Ttotal Status Flags
r-devel-linux-x86_64-debian-clang 3.1-4 7.71 78.12 85.83 WARN
r-devel-linux-x86_64-debian-gcc 3.1-4 9.30 74.81 84.10 WARN
r-devel-linux-x86_64-fedora-clang 3.1-4 176.61 WARN
r-devel-linux-x86_64-fedora-gcc 3.1-4 161.59 WARN
r-devel-osx-x86_64-clang 3.1-4 149.02 WARN
r-devel-windows-ix86+x86_64 3.1-4 49.00 123.00 172.00 WARN
r-patched-linux-x86_64 3.1-4 9.33 80.63 89.96 WARN
r-patched-solaris-sparc 3.1-4 1002.60 WARN
r-patched-solaris-x86 3.1-4 205.60 WARN
r-release-linux-ix86 3.1-4 12.18 98.57 110.75 NOTE
r-release-linux-x86_64 3.1-4 10.88 82.36 93.24 OK
r-release-osx-x86_64-mavericks 3.1-4 OK
r-release-osx-x86_64-snowleopard 3.1-4 OK
r-release-windows-ix86+x86_64 3.1-4 44.00 107.00 151.00 ERROR
r-oldrel-windows-ix86+x86_64 3.1-4 49.00 139.00 188.00 OK

Check Details

Version: 3.1-4
Check: dependencies in R code
Result: WARN
    'library' or 'require' call not declared from: ‘parallel’
    See the information on DESCRIPTION files in the chapter ‘Creating R
    packages’ of the ‘Writing R Extensions’ manual.
Flavors: r-devel-linux-x86_64-debian-clang, r-devel-linux-x86_64-debian-gcc, r-devel-linux-x86_64-fedora-clang, r-devel-linux-x86_64-fedora-gcc, r-devel-osx-x86_64-clang, r-devel-windows-ix86+x86_64, r-patched-linux-x86_64, r-patched-solaris-sparc, r-patched-solaris-x86

Version: 3.1-4
Check: Rd cross-references
Result: NOTE
    Package unavailable to check Rd xrefs: ‘phangorn’
Flavor: r-release-linux-ix86

Version: 3.1-4
Check: running examples for arch 'x64'
Result: ERROR
    Running examples in 'ape-Ex.R' failed
    The error most likely occurred in:
    
    > ### Name: bd.time
    > ### Title: Time-Dependent Birth-Death Models
    > ### Aliases: bd.time
    > ### Keywords: models
    >
    > ### ** Examples
    >
    > set.seed(3)
    > tr <- rbdtree(0.1, 0.02)
    > bd.time(tr, 0, 0) # fits a simple BD model
Flavor: r-release-windows-ix86+x86_64