Last updated on 2014-10-10 15:48:48.
Flavor | Version | Tinstall | Tcheck | Ttotal | Status | Flags |
---|---|---|---|---|---|---|
r-devel-linux-x86_64-debian-clang | 0.63 | 0.61 | 24.44 | 25.04 | NOTE | |
r-devel-linux-x86_64-debian-gcc | 0.63 | 0.57 | 24.41 | 24.98 | NOTE | |
r-devel-linux-x86_64-fedora-clang | 0.63 | 51.02 | NOTE | |||
r-devel-linux-x86_64-fedora-gcc | 0.63 | 48.61 | NOTE | |||
r-devel-osx-x86_64-clang | 0.63 | 43.61 | OK | |||
r-devel-windows-ix86+x86_64 | 0.63 | 2.00 | 40.00 | 42.00 | OK | |
r-patched-linux-x86_64 | 0.63 | 0.60 | 26.87 | 27.48 | NOTE | |
r-patched-solaris-sparc | 0.63 | 301.80 | OK | |||
r-patched-solaris-x86 | 0.63 | 59.20 | OK | |||
r-release-linux-ix86 | 0.63 | 0.85 | 34.27 | 35.12 | OK | |
r-release-linux-x86_64 | 0.63 | 0.56 | 26.52 | 27.08 | NOTE | |
r-release-osx-x86_64-mavericks | 0.63 | OK | ||||
r-release-windows-ix86+x86_64 | 0.63 | 3.00 | 39.00 | 42.00 | OK | |
r-oldrel-windows-ix86+x86_64 | 0.63 | 2.00 | 41.00 | 43.00 | OK |
Version: 0.63
Check: Rd line widths
Result: NOTE
Rd file 'sdafilter.Rd':
\examples lines wider than 100 characters:
plot(lon,lat,col="lightgrey",type="l",xlim=c(5,18), ylim=c(77.1,79.1),xlab="Longitude",ylab="Latitude")
Rd file 'vmask.Rd':
\examples lines wider than 100 characters:
plot(lon,lat,col="lightgrey",type="l",xlim=c(5,18), ylim=c(77.1,79.1),xlab="Longitude",ylab="Latitude")
These lines will be truncated in the PDF manual.
Flavors: r-devel-linux-x86_64-debian-clang, r-devel-linux-x86_64-debian-gcc, r-devel-linux-x86_64-fedora-clang, r-devel-linux-x86_64-fedora-gcc, r-patched-linux-x86_64, r-release-linux-x86_64