Last updated on 2014-10-10 15:48:48.
Flavor | Version | Tinstall | Tcheck | Ttotal | Status | Flags |
---|---|---|---|---|---|---|
r-devel-linux-x86_64-debian-clang | 0.1 | 1.66 | 58.03 | 59.70 | NOTE | |
r-devel-linux-x86_64-debian-gcc | 0.1 | 1.97 | 57.50 | 59.47 | NOTE | |
r-devel-linux-x86_64-fedora-clang | 0.1 | 118.74 | NOTE | |||
r-devel-linux-x86_64-fedora-gcc | 0.1 | 118.44 | NOTE | |||
r-devel-osx-x86_64-clang | 0.1 | 82.74 | NOTE | |||
r-devel-windows-ix86+x86_64 | 0.1 | 10.00 | 159.00 | 169.00 | NOTE | |
r-patched-linux-x86_64 | 0.1 | 1.94 | 58.88 | 60.81 | NOTE | |
r-patched-solaris-sparc | 0.1 | 970.70 | NOTE | |||
r-patched-solaris-x86 | 0.1 | 177.50 | NOTE | |||
r-release-linux-ix86 | 0.1 | 2.71 | 100.11 | 102.82 | NOTE | |
r-release-linux-x86_64 | 0.1 | 1.97 | 59.47 | 61.44 | NOTE | |
r-release-osx-x86_64-mavericks | 0.1 | NOTE | ||||
r-release-windows-ix86+x86_64 | 0.1 | 15.00 | 148.00 | 163.00 | NOTE | |
r-oldrel-windows-ix86+x86_64 | 0.1 | 12.00 | 214.00 | 226.00 | NOTE |
Version: 0.1
Check: R code for possible problems
Result: NOTE
File ‘aster2/R/onAttach.R’:
.onAttach calls:
cat("This is beta software.\n")
cat("Unless you need to do aster models with dependence groups,\n")
cat(" use package \"aster\" instead.\n")
cat("See help(aster2-package) for differences from package \"aster\"\n")
cat(" and examples.\n")
Package startup functions should use ‘packageStartupMessage’ to
generate messages.
See section ‘Good practice’ in '?.onAttach'.
Flavors: r-devel-linux-x86_64-debian-clang, r-devel-linux-x86_64-debian-gcc, r-devel-linux-x86_64-fedora-clang, r-devel-linux-x86_64-fedora-gcc, r-devel-osx-x86_64-clang, r-devel-windows-ix86+x86_64, r-patched-linux-x86_64, r-patched-solaris-sparc, r-patched-solaris-x86, r-release-linux-ix86, r-release-linux-x86_64, r-release-osx-x86_64-mavericks, r-release-windows-ix86+x86_64, r-oldrel-windows-ix86+x86_64