Last updated on 2014-10-10 15:48:48.
Flavor | Version | Tinstall | Tcheck | Ttotal | Status | Flags |
---|---|---|---|---|---|---|
r-devel-linux-x86_64-debian-clang | 0.1-1 | 0.52 | 10.85 | 11.37 | NOTE | |
r-devel-linux-x86_64-debian-gcc | 0.1-1 | 0.51 | 10.26 | 10.77 | NOTE | |
r-devel-linux-x86_64-fedora-clang | 0.1-1 | 23.89 | NOTE | |||
r-devel-linux-x86_64-fedora-gcc | 0.1-1 | 21.83 | NOTE | |||
r-devel-osx-x86_64-clang | 0.1-1 | 24.67 | NOTE | |||
r-devel-windows-ix86+x86_64 | 0.1-1 | 2.00 | 16.00 | 18.00 | OK | |
r-patched-linux-x86_64 | 0.1-1 | 0.52 | 10.58 | 11.10 | NOTE | |
r-patched-solaris-sparc | 0.1-1 | 132.20 | NOTE | |||
r-patched-solaris-x86 | 0.1-1 | 32.50 | NOTE | |||
r-release-linux-ix86 | 0.1-1 | 0.73 | 16.52 | 17.25 | NOTE | |
r-release-linux-x86_64 | 0.1-1 | 0.46 | 10.66 | 11.13 | NOTE | |
r-release-osx-x86_64-mavericks | 0.1-1 | NOTE | ||||
r-release-windows-ix86+x86_64 | 0.1-1 | 3.00 | 16.00 | 19.00 | OK | |
r-oldrel-windows-ix86+x86_64 | 0.1-1 | 2.00 | 17.00 | 19.00 | OK |
Version: 0.1-1
Check: DESCRIPTION meta-information
Result: NOTE
License components which are templates and need '+ file LICENSE':
MIT
Flavors: r-devel-linux-x86_64-debian-clang, r-devel-linux-x86_64-debian-gcc, r-devel-linux-x86_64-fedora-clang, r-devel-linux-x86_64-fedora-gcc, r-devel-osx-x86_64-clang, r-patched-linux-x86_64, r-patched-solaris-sparc, r-patched-solaris-x86, r-release-linux-ix86, r-release-linux-x86_64, r-release-osx-x86_64-mavericks