CRAN Package Check Results for Package aws

Last updated on 2014-10-10 15:48:48.

Flavor Version Tinstall Tcheck Ttotal Status Flags
r-devel-linux-x86_64-debian-clang 1.9-4 4.14 26.96 31.10 NOTE
r-devel-linux-x86_64-debian-gcc 1.9-4 4.34 24.82 29.16 NOTE
r-devel-linux-x86_64-fedora-clang 1.9-4 59.72 NOTE
r-devel-linux-x86_64-fedora-gcc 1.9-4 54.01 NOTE
r-devel-osx-x86_64-clang 1.9-4 52.97 NOTE
r-devel-windows-ix86+x86_64 1.9-4 18.00 40.00 58.00 NOTE
r-patched-linux-x86_64 1.9-4 4.34 25.92 30.26 NOTE
r-patched-solaris-sparc 1.9-4 352.90 NOTE
r-patched-solaris-x86 1.9-4 85.50 NOTE
r-release-linux-ix86 1.9-4 6.46 34.06 40.52 NOTE
r-release-linux-x86_64 1.9-4 4.52 25.42 29.95 NOTE
r-release-osx-x86_64-mavericks 1.9-4 ERROR
r-release-osx-x86_64-snowleopard 1.9-4 OK
r-release-windows-ix86+x86_64 1.9-4 21.00 45.00 66.00 NOTE
r-oldrel-windows-ix86+x86_64 1.9-4 18.00 44.00 62.00 OK

Check Details

Version: 1.9-4
Check: foreign function calls
Result: NOTE
    Calls with DUP:
     .Fortran("mask", as.logical(mask), mask = as.logical(mask), as.integer(nbins[1]),
     as.integer(switch(d, 1, nbins[2])), as.integer(max(0, henv)),
     PACKAGE = "aws", DUP = FALSE)
     .Fortran("segmgkrv", as.double(y), as.double(varest), as.integer(n1),
     as.integer(n2), as.integer(n3), as.double(hakt), as.double(lambda0),
     as.double(zobj$th), th = double(n), bi = as.double(zobj$bi),
     double(prod(dlw)), as.double(wghts), as.double(fov), maxvalue = double(1),
     minvalue = double(1), PACKAGE = "aws", DUP = FALSE)
     .Fortran("exceed", as.double(KLdist0), as.integer(length(KLdist0)),
     as.double(z), as.integer(nz), exprob = double(nz), PACKAGE = "aws",
     DUP = FALSE)
     .Fortran("exceed", as.double(KLdist0), as.integer(length(KLdist0)),
     as.double(z/ni), as.integer(nz), exprob = double(nz), PACKAGE = "aws",
     DUP = FALSE)
     .Fortran("exceed", as.double(KLdist1), as.integer(length(KLdist1)),
     as.double(z/ni), as.integer(nz), exprob = double(nz), PACKAGE = "aws",
     DUP = FALSE)
    DUP is no longer supported and will be ignored.
Flavors: r-devel-linux-x86_64-debian-clang, r-devel-linux-x86_64-debian-gcc, r-devel-linux-x86_64-fedora-clang, r-devel-linux-x86_64-fedora-gcc, r-devel-osx-x86_64-clang, r-devel-windows-ix86+x86_64

Version: 1.9-4
Check: foreign function calls
Result: NOTE
    Calls with DUP != TRUE:
     .Fortran("mask", as.logical(mask), mask = as.logical(mask), as.integer(nbins[1]),
     as.integer(switch(d, 1, nbins[2])), as.integer(max(0, henv)),
     PACKAGE = "aws", DUP = FALSE)
     .Fortran("segmgkrv", as.double(y), as.double(varest), as.integer(n1),
     as.integer(n2), as.integer(n3), as.double(hakt), as.double(lambda0),
     as.double(zobj$th), th = double(n), bi = as.double(zobj$bi),
     double(prod(dlw)), as.double(wghts), as.double(fov), maxvalue = double(1),
     minvalue = double(1), PACKAGE = "aws", DUP = FALSE)
     .Fortran("exceed", as.double(KLdist0), as.integer(length(KLdist0)),
     as.double(z), as.integer(nz), exprob = double(nz), PACKAGE = "aws",
     DUP = FALSE)
     .Fortran("exceed", as.double(KLdist0), as.integer(length(KLdist0)),
     as.double(z/ni), as.integer(nz), exprob = double(nz), PACKAGE = "aws",
     DUP = FALSE)
     .Fortran("exceed", as.double(KLdist1), as.integer(length(KLdist1)),
     as.double(z/ni), as.integer(nz), exprob = double(nz), PACKAGE = "aws",
     DUP = FALSE)
    DUP = FALSE is deprecated and will be disabled in future versions of R.
Flavors: r-patched-linux-x86_64, r-patched-solaris-sparc, r-patched-solaris-x86

Version: 1.9-4
Check: foreign function calls
Result: NOTE
    Calls with DUP = FALSE:
     .Fortran("mask", as.logical(mask), mask = as.logical(mask), as.integer(nbins[1]),
     as.integer(switch(d, 1, nbins[2])), as.integer(max(0, henv)),
     PACKAGE = "aws", DUP = FALSE)
     .Fortran("segmgkrv", as.double(y), as.double(varest), as.integer(n1),
     as.integer(n2), as.integer(n3), as.double(hakt), as.double(lambda0),
     as.double(zobj$th), th = double(n), bi = as.double(zobj$bi),
     double(prod(dlw)), as.double(wghts), as.double(fov), maxvalue = double(1),
     minvalue = double(1), PACKAGE = "aws", DUP = FALSE)
     .Fortran("exceed", as.double(KLdist0), as.integer(length(KLdist0)),
     as.double(z), as.integer(nz), exprob = double(nz), PACKAGE = "aws",
     DUP = FALSE)
     .Fortran("exceed", as.double(KLdist0), as.integer(length(KLdist0)),
     as.double(z/ni), as.integer(nz), exprob = double(nz), PACKAGE = "aws",
     DUP = FALSE)
     .Fortran("exceed", as.double(KLdist1), as.integer(length(KLdist1)),
     as.double(z/ni), as.integer(nz), exprob = double(nz), PACKAGE = "aws",
     DUP = FALSE)
    DUP = FALSE is deprecated and may be disabled in future versions of R.
Flavors: r-release-linux-ix86, r-release-linux-x86_64, r-release-windows-ix86+x86_64

Version: 1.9-4
Check: package dependencies
Result: ERROR
    Package required but not available: ‘gsl’
    
    See the information on DESCRIPTION files in the chapter ‘Creating R
    packages’ of the ‘Writing R Extensions’ manual.
Flavor: r-release-osx-x86_64-mavericks