Last updated on 2014-10-10 15:48:49.
Flavor | Version | Tinstall | Tcheck | Ttotal | Status | Flags |
---|---|---|---|---|---|---|
r-devel-linux-x86_64-debian-clang | 0.8.4 | 1.83 | 15.70 | 17.53 | NOTE | |
r-devel-linux-x86_64-debian-gcc | 0.8.4 | 1.86 | 15.73 | 17.59 | NOTE | |
r-devel-linux-x86_64-fedora-clang | 0.8.4 | 37.19 | NOTE | |||
r-devel-linux-x86_64-fedora-gcc | 0.8.4 | 34.33 | NOTE | |||
r-devel-osx-x86_64-clang | 0.8.4 | 37.00 | NOTE | |||
r-devel-windows-ix86+x86_64 | 0.8.4 | 1.00 | 2.00 | 3.00 | ERROR | |
r-patched-linux-x86_64 | 0.8.4 | 1.94 | 15.78 | 17.72 | OK | |
r-patched-solaris-sparc | 0.8.4 | 194.80 | OK | |||
r-patched-solaris-x86 | 0.8.4 | 49.00 | OK | |||
r-release-linux-ix86 | 0.8.4 | 3.30 | 22.53 | 25.84 | OK | |
r-release-linux-x86_64 | 0.8.4 | 2.26 | 16.06 | 18.33 | OK | |
r-release-osx-x86_64-mavericks | 0.8.4 | OK | ||||
r-release-osx-x86_64-snowleopard | 0.8.4 | OK |
Version: 0.8.4
Check: R code for possible problems
Result: NOTE
anon_matrix: no visible global function definition for
‘filebacked.big.matrix’
Flavors: r-devel-linux-x86_64-debian-clang, r-devel-linux-x86_64-debian-gcc, r-devel-linux-x86_64-fedora-clang, r-devel-linux-x86_64-fedora-gcc, r-devel-osx-x86_64-clang
Version: 0.8.4
Check: package dependencies
Result: ERROR
Package required but not available: 'bigmemory'
See the information on DESCRIPTION files in the chapter 'Creating R
packages' of the 'Writing R Extensions' manual.
Flavor: r-devel-windows-ix86+x86_64