CRAN Package Check Results for Package biplotbootGUI

Last updated on 2014-10-10 15:48:49.

Flavor Version Tinstall Tcheck Ttotal Status Flags
r-devel-linux-x86_64-debian-clang 1.0 1.19 22.11 23.30 NOTE
r-devel-linux-x86_64-debian-gcc 1.0 1.22 22.21 23.43 NOTE
r-devel-linux-x86_64-fedora-clang 1.0 46.48 NOTE
r-devel-linux-x86_64-fedora-gcc 1.0 41.82 NOTE
r-devel-osx-x86_64-clang 1.0 47.36 NOTE
r-devel-windows-ix86+x86_64 1.0 15.00 44.00 59.00 NOTE
r-patched-linux-x86_64 1.0 1.22 23.91 25.14 NOTE
r-patched-solaris-sparc 1.0 273.90 NOTE
r-patched-solaris-x86 1.0 73.50 NOTE
r-release-linux-ix86 1.0 1.78 33.37 35.15 NOTE
r-release-linux-x86_64 1.0 1.24 23.47 24.70 NOTE
r-release-osx-x86_64-mavericks 1.0 NOTE
r-release-osx-x86_64-snowleopard 1.0 OK
r-release-windows-ix86+x86_64 1.0 11.00 53.00 64.00 NOTE
r-oldrel-windows-ix86+x86_64 1.0 11.00 57.00 68.00 NOTE

Check Details

Version: 1.0
Check: dependencies in R code
Result: NOTE
    Packages in Depends field not imported from:
     ‘rgl’ ‘tcltk’ ‘tcltk2’ ‘tkrplot’ ‘vegan’
     These packages need to be imported from (in the NAMESPACE file)
     for when this namespace is loaded but not attached.
    See the information on DESCRIPTION files in the chapter ‘Creating R
    packages’ of the ‘Writing R Extensions’ manual.
Flavors: r-devel-linux-x86_64-debian-clang, r-devel-linux-x86_64-debian-gcc, r-devel-linux-x86_64-fedora-clang, r-devel-linux-x86_64-fedora-gcc, r-devel-osx-x86_64-clang, r-devel-windows-ix86+x86_64, r-patched-linux-x86_64, r-patched-solaris-sparc, r-patched-solaris-x86

Version: 1.0
Check: R code for possible problems
Result: NOTE
    biplotboot: no visible global function definition for ‘tclRequire’
    biplotboot: no visible global function definition for ‘tktoplevel’
    biplotboot: no visible global function definition for ‘tkwm.title’
    biplotboot: no visible global function definition for ‘tkframe’
    biplotboot: no visible global function definition for ‘tkfont.create’
    biplotboot: no visible global function definition for ‘tkpack’
    biplotboot: no visible global function definition for ‘tklabel’
    biplotboot: no visible global function definition for ‘tclVar’
    biplotboot: no visible global function definition for ‘tkentry’
    biplotboot: no visible global function definition for ‘tkconfigure’
    biplotboot: no visible global function definition for ‘tkcheckbutton’
    biplotboot : OnOKinf: no visible global function definition for
     ‘tkdestroy’
    biplotboot : OnOKinf: no visible global function definition for
     ‘tclvalue’
    biplotboot : OnOKinf: no visible global function definition for
     ‘tktoplevel’
    biplotboot : OnOKinf: no visible global function definition for
     ‘tkwm.title’
    biplotboot : OnOKinf: no visible global function definition for
     ‘tkmenu’
    biplotboot : OnOKinf: no visible global function definition for
     ‘tkconfigure’
    biplotboot : OnOKinf: no visible global function definition for ‘tkadd’
    biplotboot : OnOKinf: no visible global function definition for
     ‘tkframe’
    biplotboot : OnOKinf: no visible global function definition for
     ‘tkcheckbutton’
    biplotboot : OnOKinf: no visible global function definition for
     ‘tclVar’
    biplotboot : OnOKinf: no visible global function definition for
     ‘tkscrollbar’
    biplotboot : OnOKinf : <anonymous>: no visible global function
     definition for ‘tkyview’
    biplotboot : OnOKinf: no visible global function definition for
     ‘tklistbox’
    biplotboot : OnOKinf : <anonymous>: no visible global function
     definition for ‘tkset’
    biplotboot : OnOKinf: no visible global function definition for
     ‘tkpack’
    biplotboot : OnOKinf: no visible global function definition for
     ‘tklabel’
    biplotboot : OnOKinf: no visible global function definition for
     ‘tkinsert’
    biplotboot : OnOKinf: no visible global function definition for
     ‘tkselection.set’
    biplotboot : OnOKinf : OnOKi: no visible global function definition for
     ‘tkcurselection’
    biplotboot : OnOKinf : OnOKi: no visible global function definition for
     ‘tkconfigure’
    biplotboot : OnOKinf : OnOKi: no visible global function definition for
     ‘tclVar’
    biplotboot : OnOKinf: no visible global function definition for
     ‘tkbutton’
    biplotboot : OnOKinf: no visible global function definition for
     ‘tkpack.configure’
    biplotboot : OnOKinf: no visible global function definition for
     ‘tkcurselection’
    biplotboot : OnOKinf: no visible global function definition for
     ‘tkcanvas’
    biplotboot : OnOKinf : ChangeColori: no visible global function
     definition for ‘tclvalue’
    biplotboot : OnOKinf : ChangeColori: no visible global function
     definition for ‘tcl’
    biplotboot : OnOKinf : ChangeColori: no visible global function
     definition for ‘tkconfigure’
    biplotboot : OnOKinf: no visible global function definition for
     ‘tkentry’
    biplotboot : OnOKinf : OnOKli: no visible global function definition
     for ‘tclvalue’
    biplotboot : OnOKinf : OnOKli: no visible global function definition
     for ‘tkdelete’
    biplotboot : OnOKinf : OnOKli: no visible global function definition
     for ‘tkinsert’
    biplotboot : OnOKinf: no visible global function definition for
     ‘tkbind’
    biplotboot : OnOKinf : OnOKci: no visible global function definition
     for ‘tclvalue’
    biplotboot : OnOKinf: no visible global function definition for
     ‘tkwidget’
    biplotboot : OnOKinf : chang.symi: no visible global function
     definition for ‘tclvalue’
    biplotboot : OnOKinf : chang.symi: no visible global function
     definition for ‘tcl’
    biplotboot : OnOKinf : OnOKv: no visible global function definition for
     ‘tkcurselection’
    biplotboot : OnOKinf : OnOKv: no visible global function definition for
     ‘tkconfigure’
    biplotboot : OnOKinf : OnOKv: no visible global function definition for
     ‘tclVar’
    biplotboot : OnOKinf: no visible global function definition for
     ‘tkfocus’
    biplotboot : OnOKinf : ChangeColorv: no visible global function
     definition for ‘tclvalue’
    biplotboot : OnOKinf : ChangeColorv: no visible global function
     definition for ‘tcl’
    biplotboot : OnOKinf : ChangeColorv: no visible global function
     definition for ‘tkconfigure’
    biplotboot : OnOKinf : OnOKlv: no visible global function definition
     for ‘tclvalue’
    biplotboot : OnOKinf : OnOKlv: no visible global function definition
     for ‘tkdelete’
    biplotboot : OnOKinf : OnOKlv: no visible global function definition
     for ‘tkinsert’
    biplotboot : OnOKinf : OnOKcv: no visible global function definition
     for ‘tclvalue’
    biplotboot : OnOKinf : Graphics: no visible global function definition
     for ‘tktoplevel’
    biplotboot : OnOKinf : Graphics: no visible global function definition
     for ‘tkwm.title’
    biplotboot : OnOKinf : Graphics: no visible global function definition
     for ‘tkrplot’
    biplotboot : OnOKinf : Graphics: no visible global function definition
     for ‘tk2tip’
    biplotboot : OnOKinf : Graphics : Onaxis: no visible global function
     definition for ‘tclvalue’
    biplotboot : OnOKinf : Graphics : Onaxis: no visible global function
     definition for ‘tkmessageBox’
    biplotboot : OnOKinf : Graphics : Onaxis: no visible global function
     definition for ‘tkdestroy’
    biplotboot : OnOKinf : Graphics : Onaxis: no visible global function
     definition for ‘tktoplevel’
    biplotboot : OnOKinf : Graphics : Onaxis: no visible global function
     definition for ‘tkwm.title’
    biplotboot : OnOKinf : Graphics : Onaxis : plotFunctiond: no visible
     global function definition for ‘tclvalue’
    biplotboot : OnOKinf : Graphics : Onaxis : g3d: no visible global
     function definition for ‘bg3d’
    biplotboot : OnOKinf : Graphics : Onaxis : g3d: no visible global
     function definition for ‘aspect3d’
    biplotboot : OnOKinf : Graphics : Onaxis : g3d: no visible global
     function definition for ‘par3d’
    biplotboot : OnOKinf : Graphics : Onaxis : g3d: no visible global
     function definition for ‘axes3d’
    biplotboot : OnOKinf : Graphics : Onaxis : g3d: no visible global
     function definition for ‘points3d’
    biplotboot : OnOKinf : Graphics : Onaxis : g3d: no visible global
     function definition for ‘texts3d’
    biplotboot : OnOKinf : Graphics : Onaxis : g3d: no visible global
     function definition for ‘segments3d’
    biplotboot : OnOKinf : Graphics : Onaxis : g3d: no visible global
     function definition for ‘rgl.bringtotop’
    biplotboot : OnOKinf : Graphics : Onaxis : g3d: no visible global
     function definition for ‘tkmessageBox’
    biplotboot : OnOKinf : Graphics : Onaxis : SaveFileJPG: no visible
     global function definition for ‘tclvalue’
    biplotboot : OnOKinf : Graphics : Onaxis : SaveFileJPG: no visible
     global function definition for ‘tkgetSaveFile’
    biplotboot : OnOKinf : Graphics : Onaxis : SaveFilePDF: no visible
     global function definition for ‘tclvalue’
    biplotboot : OnOKinf : Graphics : Onaxis : SaveFilePDF: no visible
     global function definition for ‘tkgetSaveFile’
    biplotboot : OnOKinf : Graphics : Onaxis : SaveFileBmp: no visible
     global function definition for ‘tclvalue’
    biplotboot : OnOKinf : Graphics : Onaxis : SaveFileBmp: no visible
     global function definition for ‘tkgetSaveFile’
    biplotboot : OnOKinf : Graphics : Onaxis : SaveFilePng: no visible
     global function definition for ‘tclvalue’
    biplotboot : OnOKinf : Graphics : Onaxis : SaveFilePng: no visible
     global function definition for ‘tkgetSaveFile’
    biplotboot : OnOKinf : Graphics : Onaxis: no visible global function
     definition for ‘tkmenu’
    biplotboot : OnOKinf : Graphics : Onaxis: no visible global function
     definition for ‘tkconfigure’
    biplotboot : OnOKinf : Graphics : Onaxis: no visible global function
     definition for ‘tkadd’
    biplotboot : OnOKinf : Graphics : Onaxis : <anonymous>: no visible
     global function definition for ‘tkrreplot’
    biplotboot : OnOKinf : Graphics : Onaxis : <anonymous>: no visible
     global function definition for ‘tkdestroy’
    biplotboot : OnOKinf : Graphics : Onaxis: no visible global function
     definition for ‘tkrplot’
    biplotboot : OnOKinf : Graphics : Onaxis: no visible global function
     definition for ‘tkframe’
    biplotboot : OnOKinf : Graphics : Onaxis: no visible global function
     definition for ‘tkwidget’
    biplotboot : OnOKinf : Graphics : Onaxis : chang.symdim1: no visible
     global function definition for ‘tclvalue’
    biplotboot : OnOKinf : Graphics : Onaxis : chang.symdim1: no visible
     global function definition for ‘tcl’
    biplotboot : OnOKinf : Graphics : Onaxis : chang.symdim1: no visible
     global function definition for ‘tkrreplot’
    biplotboot : OnOKinf : Graphics : Onaxis: no visible global function
     definition for ‘tkbutton’
    biplotboot : OnOKinf : Graphics : Onaxis: no visible global function
     definition for ‘tkpack’
    biplotboot : OnOKinf : Graphics : Onaxis: no visible global function
     definition for ‘tklabel’
    biplotboot : OnOKinf : Graphics : Onaxis : labelClosestPointd: no
     visible global function definition for ‘tktoplevel’
    biplotboot : OnOKinf : Graphics : Onaxis : labelClosestPointd: no
     visible global function definition for ‘tkwm.title’
    biplotboot : OnOKinf : Graphics : Onaxis : labelClosestPointd: no
     visible global function definition for ‘tkframe’
    biplotboot : OnOKinf : Graphics : Onaxis : labelClosestPointd: no
     visible global function definition for ‘tkcanvas’
    biplotboot : OnOKinf : Graphics : Onaxis : labelClosestPointd :
     ChangeColorder: no visible global function definition for ‘tclvalue’
    biplotboot : OnOKinf : Graphics : Onaxis : labelClosestPointd :
     ChangeColorder: no visible global function definition for ‘tcl’
    biplotboot : OnOKinf : Graphics : Onaxis : labelClosestPointd :
     ChangeColorder: no visible global function definition for
     ‘tkconfigure’
    biplotboot : OnOKinf : Graphics : Onaxis : labelClosestPointd :
     ChangeColorder: no visible global function definition for ‘tkrreplot’
    biplotboot : OnOKinf : Graphics : Onaxis : labelClosestPointd :
     ChangeColorder: no visible global function definition for ‘tkdestroy’
    biplotboot : OnOKinf : Graphics : Onaxis : labelClosestPointd: no
     visible global function definition for ‘tkbutton’
    biplotboot : OnOKinf : Graphics : Onaxis : labelClosestPointd: no
     visible global function definition for ‘tkpack’
    biplotboot : OnOKinf : Graphics : Onaxis : labelClosestPointd: no
     visible global function definition for ‘tclvalue<-’
    biplotboot : OnOKinf : Graphics : Onaxis : labelClosestPointd: no
     visible global function definition for ‘tkentry’
    biplotboot : OnOKinf : Graphics : Onaxis : labelClosestPointd :
     OnOKlder: no visible global function definition for ‘tclvalue’
    biplotboot : OnOKinf : Graphics : Onaxis : labelClosestPointd :
     OnOKlder: no visible global function definition for ‘tkdelete’
    biplotboot : OnOKinf : Graphics : Onaxis : labelClosestPointd :
     OnOKlder: no visible global function definition for ‘tkinsert’
    biplotboot : OnOKinf : Graphics : Onaxis : labelClosestPointd :
     OnOKlder: no visible global function definition for ‘tkrreplot’
    biplotboot : OnOKinf : Graphics : Onaxis : labelClosestPointd :
     OnOKlder: no visible global function definition for ‘tkdestroy’
    biplotboot : OnOKinf : Graphics : Onaxis : labelClosestPointd: no
     visible global function definition for ‘tkbind’
    biplotboot : OnOKinf : Graphics : Onaxis : labelClosestPointd :
     OnOKcder: no visible global function definition for ‘tclvalue’
    biplotboot : OnOKinf : Graphics : Onaxis : labelClosestPointd :
     OnOKcder: no visible global function definition for ‘tkrreplot’
    biplotboot : OnOKinf : Graphics : Onaxis : labelClosestPointd :
     OnOKcder: no visible global function definition for ‘tkdestroy’
    biplotboot : OnOKinf : Graphics : Onaxis : labelClosestPointd: no
     visible global function definition for ‘tkwidget’
    biplotboot : OnOKinf : Graphics : Onaxis : labelClosestPointd :
     chang.symder: no visible global function definition for ‘tclvalue’
    biplotboot : OnOKinf : Graphics : Onaxis : labelClosestPointd :
     chang.symder: no visible global function definition for ‘tcl’
    biplotboot : OnOKinf : Graphics : Onaxis : labelClosestPointd :
     chang.symder: no visible global function definition for ‘tkrreplot’
    biplotboot : OnOKinf : Graphics : Onaxis : labelClosestPointd :
     chang.symder: no visible global function definition for ‘tkdestroy’
    biplotboot : OnOKinf : Graphics : Onaxis : OnLeftClick.up: no visible
     global function definition for ‘tkmessageBox’
    biplotboot : OnOKinf : Graphics : Onaxis : OnLeftClick.up: no visible
     global function definition for ‘tclvalue’
    biplotboot : OnOKinf : Graphics : Onaxis : OnLeftClick.up: no visible
     global function definition for ‘tkrreplot’
    biplotboot : OnOKinf : Graphics : Onaxis : OnLeftClick.move: no visible
     global function definition for ‘tclvalue’
    biplotboot : OnOKinf : Graphics : Onaxis : OnLeftClick.move: no visible
     global function definition for ‘tkwinfo’
    biplotboot : OnOKinf : Graphics : Onaxis : OnLeftClick.move: no visible
     global function definition for ‘tkrreplot’
    biplotboot : OnOKinf : Graphics : Onaxis : OnLeftClick.down: no visible
     global function definition for ‘tclvalue’
    biplotboot : OnOKinf : Graphics : Onaxis : OnLeftClick.down: no visible
     global function definition for ‘tkwinfo’
    biplotboot : OnOKinf : Graphics : Onaxis : OnRightClick: no visible
     global function definition for ‘tclvalue’
    biplotboot : OnOKinf : Graphics : Onaxis : OnRightClick: no visible
     global function definition for ‘tkwinfo’
    biplotboot : OnOKinf : Graphics : Onaxis: no visible global function
     definition for ‘tkbind’
    biplotboot : OnOKinf : Graphics : Onaxis : bootstrap: no visible global
     function definition for ‘procrustes’
    biplotboot : OnOKinf : Graphics: no visible global function definition
     for ‘tclVar’
    biplotboot : OnOKinf : Graphics: no visible global function definition
     for ‘tkentry’
    biplotboot : OnOKinf : Graphics: no visible global function definition
     for ‘tkbutton’
    biplotboot : OnOKinf : Graphics: no visible global function definition
     for ‘tkpack’
    biplotboot : OnOKinf : Graphics: no visible global function definition
     for ‘tklabel’
    biplotboot : OnOKinf : Graphics: no visible global function definition
     for ‘tkfocus’
    biplotboot: no visible global function definition for ‘tkbutton’
    biplotboot: no visible global function definition for ‘tkfocus’
Flavors: r-devel-linux-x86_64-debian-clang, r-devel-linux-x86_64-debian-gcc, r-devel-linux-x86_64-fedora-clang, r-devel-linux-x86_64-fedora-gcc, r-devel-osx-x86_64-clang, r-devel-windows-ix86+x86_64

Version: 1.0
Check: dependencies in R code
Result: NOTE
    Packages in Depends field not imported from:
     ‘rgl’ ‘tcltk2’ ‘tkrplot’ ‘vegan’
     These packages need to be imported from (in the NAMESPACE file)
     for when this namespace is loaded but not attached.
    See the information on DESCRIPTION files in the chapter ‘Creating R
    packages’ of the ‘Writing R Extensions’ manual.
Flavors: r-release-linux-ix86, r-release-linux-x86_64, r-release-osx-x86_64-mavericks, r-release-windows-ix86+x86_64, r-oldrel-windows-ix86+x86_64