Last updated on 2014-10-10 15:48:50.
Flavor | Version | Tinstall | Tcheck | Ttotal | Status | Flags |
---|---|---|---|---|---|---|
r-devel-linux-x86_64-debian-clang | 0.3 | 1.10 | 8.48 | 9.58 | NOTE | |
r-devel-linux-x86_64-debian-gcc | 0.3 | 1.13 | 8.38 | 9.51 | NOTE | |
r-devel-linux-x86_64-fedora-clang | 0.3 | 19.26 | NOTE | |||
r-devel-linux-x86_64-fedora-gcc | 0.3 | 16.99 | NOTE | |||
r-devel-osx-x86_64-clang | 0.3 | 21.25 | OK | |||
r-devel-windows-ix86+x86_64 | 0.3 | 5.00 | 17.00 | 22.00 | OK | |
r-patched-linux-x86_64 | 0.3 | 1.15 | 8.14 | 9.28 | NOTE | |
r-patched-solaris-sparc | 0.3 | 104.80 | OK | |||
r-patched-solaris-x86 | 0.3 | 29.20 | OK | |||
r-release-linux-ix86 | 0.3 | 1.70 | 13.59 | 15.29 | OK | |
r-release-linux-x86_64 | 0.3 | 1.05 | 8.19 | 9.24 | NOTE | |
r-release-osx-x86_64-mavericks | 0.3 | OK | ||||
r-release-windows-ix86+x86_64 | 0.3 | 7.00 | 18.00 | 25.00 | OK | |
r-oldrel-windows-ix86+x86_64 | 0.3 | 5.00 | 17.00 | 22.00 | OK |
Version: 0.3
Check: Rd line widths
Result: NOTE
Rd file 'chebR.Rd':
\examples lines wider than 100 characters:
return(list(coefs=rlist$xx[1:n],resids=rlist$bb[1:m],rank=rlist$rank,iter=rlist$iter,ocode=rlist$ocode))
These lines will be truncated in the PDF manual.
Flavors: r-devel-linux-x86_64-debian-clang, r-devel-linux-x86_64-debian-gcc, r-devel-linux-x86_64-fedora-clang, r-devel-linux-x86_64-fedora-gcc, r-patched-linux-x86_64, r-release-linux-x86_64