Last updated on 2014-10-10 15:48:50.
Flavor | Version | Tinstall | Tcheck | Ttotal | Status | Flags |
---|---|---|---|---|---|---|
r-devel-linux-x86_64-debian-clang | 1.2.6 | 3.01 | 16.10 | 19.12 | OK | |
r-devel-linux-x86_64-debian-gcc | 1.2.6 | 3.24 | 16.07 | 19.31 | OK | |
r-devel-linux-x86_64-fedora-clang | 1.2.6 | 39.69 | OK | |||
r-devel-linux-x86_64-fedora-gcc | 1.2.6 | 35.06 | OK | |||
r-devel-osx-x86_64-clang | 1.2.6 | 41.97 | OK | |||
r-devel-windows-ix86+x86_64 | 1.2.6 | 11.00 | 47.00 | 58.00 | NOTE | |
r-patched-linux-x86_64 | 1.2.6 | 2.83 | 15.71 | 18.54 | OK | |
r-patched-solaris-sparc | 1.2.6 | 219.10 | OK | |||
r-patched-solaris-x86 | 1.2.6 | 53.50 | OK | |||
r-release-linux-ix86 | 1.2.6 | 5.02 | 23.33 | 28.34 | OK | |
r-release-linux-x86_64 | 1.2.6 | 2.92 | 15.79 | 18.71 | OK | |
r-release-osx-x86_64-mavericks | 1.2.6 | ERROR | ||||
r-release-osx-x86_64-snowleopard | 1.2.6 | ERROR | ||||
r-release-windows-ix86+x86_64 | 1.2.6 | 14.00 | 50.00 | 64.00 | NOTE | |
r-oldrel-windows-ix86+x86_64 | 1.2.6 | 10.00 | 48.00 | 58.00 | NOTE |
Version: 1.2.6
Check: installed package size
Result: NOTE
installed size is 6.9Mb
sub-directories of 1Mb or more:
libs 6.4Mb
Flavors: r-devel-windows-ix86+x86_64, r-release-windows-ix86+x86_64, r-oldrel-windows-ix86+x86_64
Version: 1.2.6
Check: whether package can be installed
Result: ERROR
Installation failed.
Flavors: r-release-osx-x86_64-mavericks, r-release-osx-x86_64-snowleopard