Last updated on 2014-10-10 15:48:50.
Flavor | Version | Tinstall | Tcheck | Ttotal | Status | Flags |
---|---|---|---|---|---|---|
r-devel-linux-x86_64-debian-clang | 0.4 | 4.76 | 59.22 | 63.97 | NOTE | |
r-devel-linux-x86_64-debian-gcc | 0.4 | 4.01 | 59.45 | 63.46 | NOTE | |
r-devel-linux-x86_64-fedora-clang | 0.4 | 157.40 | NOTE | |||
r-devel-linux-x86_64-fedora-gcc | 0.4 | 136.24 | NOTE | |||
r-devel-osx-x86_64-clang | 0.4 | 126.83 | NOTE | |||
r-devel-windows-ix86+x86_64 | 0.4 | 13.00 | 116.00 | 129.00 | NOTE | |
r-patched-linux-x86_64 | 0.4 | 4.15 | 60.83 | 64.98 | NOTE | |
r-patched-solaris-sparc | 0.4 | 825.30 | NOTE | |||
r-patched-solaris-x86 | 0.4 | 202.10 | NOTE | |||
r-release-linux-ix86 | 0.4 | 0.48 | 1.67 | 2.15 | ERROR | |
r-release-linux-x86_64 | 0.4 | 4.26 | 60.44 | 64.71 | NOTE | |
r-release-osx-x86_64-mavericks | 0.4 | NOTE | ||||
r-release-osx-x86_64-snowleopard | 0.4 | OK | ||||
r-release-windows-ix86+x86_64 | 0.4 | 10.00 | 113.00 | 123.00 | NOTE | |
r-oldrel-windows-ix86+x86_64 | 0.4 | 12.00 | 112.00 | 124.00 | OK |
Version: 0.4
Check: foreign function calls
Result: NOTE
Calls with DUP:
.C(get_single_index_integer, as.integer(edge[, 2L]), as.integer(tip),
integer(1L), NAOK = TRUE, DUP = FALSE)
.C(get_two_index_integer, as.integer(edge[, 1L]), as.integer(node),
integer(2L), NAOK = TRUE, DUP = FALSE)
DUP is no longer supported and will be ignored.
Flavors: r-devel-linux-x86_64-debian-clang, r-devel-linux-x86_64-debian-gcc, r-devel-linux-x86_64-fedora-clang, r-devel-linux-x86_64-fedora-gcc, r-devel-osx-x86_64-clang, r-devel-windows-ix86+x86_64
Version: 0.4
Check: foreign function calls
Result: NOTE
Calls with DUP != TRUE:
.C(get_single_index_integer, as.integer(edge[, 2L]), as.integer(tip),
integer(1L), NAOK = TRUE, DUP = FALSE)
.C(get_two_index_integer, as.integer(edge[, 1L]), as.integer(node),
integer(2L), NAOK = TRUE, DUP = FALSE)
DUP = FALSE is deprecated and will be disabled in future versions of R.
Flavors: r-patched-linux-x86_64, r-patched-solaris-sparc, r-patched-solaris-x86
Version: 0.4
Check: package dependencies
Result: ERROR
Package required but not available: ‘phangorn’
See the information on DESCRIPTION files in the chapter ‘Creating R
packages’ of the ‘Writing R Extensions’ manual.
Flavor: r-release-linux-ix86
Version: 0.4
Check: foreign function calls
Result: NOTE
Calls with DUP = FALSE:
.C(get_single_index_integer, as.integer(edge[, 2L]), as.integer(tip),
integer(1L), NAOK = TRUE, DUP = FALSE)
.C(get_two_index_integer, as.integer(edge[, 1L]), as.integer(node),
integer(2L), NAOK = TRUE, DUP = FALSE)
DUP = FALSE is deprecated and may be disabled in future versions of R.
Flavors: r-release-linux-x86_64, r-release-osx-x86_64-mavericks, r-release-windows-ix86+x86_64