Last updated on 2014-10-10 15:48:50.
Flavor | Version | Tinstall | Tcheck | Ttotal | Status | Flags |
---|---|---|---|---|---|---|
r-devel-linux-x86_64-debian-clang | 0.999-12 | 10.47 | 273.24 | 283.71 | OK | |
r-devel-linux-x86_64-debian-gcc | 0.999-12 | 10.40 | 266.38 | 276.78 | OK | |
r-devel-linux-x86_64-fedora-clang | 0.999-12 | 655.39 | OK | |||
r-devel-linux-x86_64-fedora-gcc | 0.999-12 | 603.80 | OK | |||
r-devel-osx-x86_64-clang | 0.999-12 | 476.08 | OK | |||
r-devel-windows-ix86+x86_64 | 0.999-12 | 39.00 | 466.00 | 505.00 | OK | |
r-patched-linux-x86_64 | 0.999-12 | 10.77 | 281.59 | 292.36 | OK | |
r-patched-solaris-sparc | 0.999-12 | 2433.00 | OK | --no-vignettes | ||
r-patched-solaris-x86 | 0.999-12 | 758.00 | OK | |||
r-release-linux-ix86 | 0.999-12 | 13.86 | 340.92 | 354.78 | OK | |
r-release-linux-x86_64 | 0.999-12 | 13.02 | 284.34 | 297.36 | OK | |
r-release-osx-x86_64-mavericks | 0.999-12 | ERROR | ||||
r-release-osx-x86_64-snowleopard | 0.999-12 | OK | ||||
r-release-windows-ix86+x86_64 | 0.999-12 | 39.00 | 504.00 | 543.00 | OK | |
r-oldrel-windows-ix86+x86_64 | 0.999-12 | 42.00 | 508.00 | 550.00 | OK |
Version: 0.999-12
Check: package dependencies
Result: ERROR
Package required but not available: ‘gsl’
See the information on DESCRIPTION files in the chapter ‘Creating R
packages’ of the ‘Writing R Extensions’ manual.
Flavor: r-release-osx-x86_64-mavericks