Last updated on 2014-10-10 15:48:50.
Flavor | Version | Tinstall | Tcheck | Ttotal | Status | Flags |
---|---|---|---|---|---|---|
r-devel-linux-x86_64-debian-clang | 1.02 | 3.93 | 39.96 | 43.89 | NOTE | |
r-devel-linux-x86_64-debian-gcc | 1.02 | 3.26 | 39.03 | 42.29 | NOTE | |
r-devel-linux-x86_64-fedora-clang | 1.02 | 109.94 | NOTE | |||
r-devel-linux-x86_64-fedora-gcc | 1.02 | 100.02 | NOTE | |||
r-devel-osx-x86_64-clang | 1.02 | 82.20 | NOTE | |||
r-devel-windows-ix86+x86_64 | 1.02 | 10.00 | 58.00 | 68.00 | NOTE | |
r-patched-linux-x86_64 | 1.02 | 3.40 | 40.95 | 44.35 | NOTE | |
r-patched-solaris-sparc | 1.02 | 548.90 | OK | |||
r-patched-solaris-x86 | 1.02 | 137.30 | OK | |||
r-release-linux-ix86 | 1.02 | 4.14 | 50.15 | 54.30 | OK | |
r-release-linux-x86_64 | 1.02 | 3.50 | 42.02 | 45.52 | NOTE | |
r-release-osx-x86_64-mavericks | 1.02 | OK | ||||
r-release-osx-x86_64-snowleopard | 1.02 | OK | ||||
r-release-windows-ix86+x86_64 | 1.02 | 11.00 | 59.00 | 70.00 | OK | |
r-oldrel-windows-ix86+x86_64 | 1.02 | 11.00 | 56.00 | 67.00 | OK |
Version: 1.02
Check: top-level files
Result: NOTE
Non-standard file/directory found at top level:
‘DESCRIPTION.old’
Flavors: r-devel-linux-x86_64-debian-clang, r-devel-linux-x86_64-debian-gcc, r-devel-linux-x86_64-fedora-clang, r-devel-linux-x86_64-fedora-gcc, r-patched-linux-x86_64, r-release-linux-x86_64
Version: 1.02
Check: R code for possible problems
Result: NOTE
calcz02: no visible global function definition for ‘coxph’
covTest: no visible global function definition for ‘Surv’
Flavors: r-devel-linux-x86_64-debian-clang, r-devel-linux-x86_64-debian-gcc, r-devel-linux-x86_64-fedora-clang, r-devel-linux-x86_64-fedora-gcc, r-devel-osx-x86_64-clang, r-devel-windows-ix86+x86_64
Version: 1.02
Check: Rd line widths
Result: NOTE
Rd file 'lars.glm.Rd':
\usage lines wider than 90 characters:
lars.glm(x, y, status = NULL, family = c("binomial", "cox"), standardize=TRUE,frac.arclength=.1)
These lines will be truncated in the PDF manual.
Flavors: r-devel-linux-x86_64-debian-clang, r-devel-linux-x86_64-debian-gcc, r-devel-linux-x86_64-fedora-clang, r-devel-linux-x86_64-fedora-gcc, r-patched-linux-x86_64, r-release-linux-x86_64