Last updated on 2014-10-10 15:48:51.
Flavor | Version | Tinstall | Tcheck | Ttotal | Status | Flags |
---|---|---|---|---|---|---|
r-devel-linux-x86_64-debian-clang | 0.4.2 | 2.02 | 26.29 | 28.31 | NOTE | |
r-devel-linux-x86_64-debian-gcc | 0.4.2 | 2.56 | 25.54 | 28.10 | NOTE | |
r-devel-linux-x86_64-fedora-clang | 0.4.2 | 63.16 | NOTE | |||
r-devel-linux-x86_64-fedora-gcc | 0.4.2 | 57.90 | NOTE | |||
r-devel-osx-x86_64-clang | 0.4.2 | 51.47 | NOTE | |||
r-devel-windows-ix86+x86_64 | 0.4.2 | 6.00 | 39.00 | 45.00 | NOTE | |
r-patched-linux-x86_64 | 0.4.2 | 2.06 | 26.76 | 28.82 | NOTE | |
r-patched-solaris-sparc | 0.4.2 | 369.70 | NOTE | |||
r-patched-solaris-x86 | 0.4.2 | 81.80 | NOTE | |||
r-release-linux-ix86 | 0.4.2 | 2.57 | 35.80 | 38.38 | NOTE | |
r-release-linux-x86_64 | 0.4.2 | 2.08 | 27.26 | 29.34 | NOTE | |
r-release-osx-x86_64-mavericks | 0.4.2 | NOTE | ||||
r-release-osx-x86_64-snowleopard | 0.4.2 | NOTE | ||||
r-release-windows-ix86+x86_64 | 0.4.2 | 6.00 | 41.00 | 47.00 | NOTE | |
r-oldrel-windows-ix86+x86_64 | 0.4.2 | 6.00 | 41.00 | 47.00 | NOTE |
Version: 0.4.2
Check: dependencies in R code
Result: NOTE
Namespaces in Imports field not imported from:
‘base64’ ‘markdown’ ‘methods’
All declared Imports should be used.
See the information on DESCRIPTION files in the chapter ‘Creating R
packages’ of the ‘Writing R Extensions’ manual.
Flavors: r-devel-linux-x86_64-debian-clang, r-devel-linux-x86_64-debian-gcc, r-devel-linux-x86_64-fedora-clang, r-devel-linux-x86_64-fedora-gcc, r-devel-osx-x86_64-clang, r-devel-windows-ix86+x86_64, r-patched-linux-x86_64, r-patched-solaris-sparc, r-patched-solaris-x86, r-release-linux-ix86, r-release-linux-x86_64, r-release-osx-x86_64-mavericks, r-release-osx-x86_64-snowleopard, r-release-windows-ix86+x86_64, r-oldrel-windows-ix86+x86_64