Last updated on 2014-10-10 15:48:51.
Flavor | Version | Tinstall | Tcheck | Ttotal | Status | Flags |
---|---|---|---|---|---|---|
r-devel-linux-x86_64-debian-clang | 0.1-6 | 2.34 | 12.13 | 14.47 | NOTE | |
r-devel-linux-x86_64-debian-gcc | 0.1-6 | 2.22 | 11.93 | 14.15 | NOTE | |
r-devel-linux-x86_64-fedora-clang | 0.1-6 | 28.63 | NOTE | |||
r-devel-linux-x86_64-fedora-gcc | 0.1-6 | 26.66 | NOTE | |||
r-devel-osx-x86_64-clang | 0.1-6 | 29.82 | NOTE | |||
r-devel-windows-ix86+x86_64 | 0.1-6 | 26.00 | 22.00 | 48.00 | NOTE | |
r-patched-linux-x86_64 | 0.1-6 | 2.33 | 12.33 | 14.66 | OK | |
r-patched-solaris-sparc | 0.1-6 | 139.60 | OK | |||
r-patched-solaris-x86 | 0.1-6 | 42.10 | OK | |||
r-release-linux-ix86 | 0.1-6 | 3.67 | 17.51 | 21.18 | OK | |
r-release-linux-x86_64 | 0.1-6 | 2.25 | 12.31 | 14.56 | OK | |
r-release-osx-x86_64-mavericks | 0.1-6 | OK | ||||
r-release-osx-x86_64-snowleopard | 0.1-6 | OK | ||||
r-release-windows-ix86+x86_64 | 0.1-6 | 22.00 | 25.00 | 47.00 | OK | |
r-oldrel-windows-ix86+x86_64 | 0.1-6 | 22.00 | 26.00 | 48.00 | OK |
Version: 0.1-6
Check: R code for possible problems
Result: NOTE
plot.tile.list: no visible global function definition for ‘polyclip’
Flavors: r-devel-linux-x86_64-debian-clang, r-devel-linux-x86_64-debian-gcc, r-devel-linux-x86_64-fedora-clang, r-devel-linux-x86_64-fedora-gcc, r-devel-osx-x86_64-clang, r-devel-windows-ix86+x86_64