CRAN Package Check Results for Package dendextend

Last updated on 2014-10-10 15:48:51.

Flavor Version Tinstall Tcheck Ttotal Status Flags
r-devel-linux-x86_64-debian-clang 0.17.5 1.90 47.02 48.91 OK
r-devel-linux-x86_64-debian-gcc 0.17.5 1.70 45.76 47.47 OK
r-devel-linux-x86_64-fedora-clang 0.17.5 109.80 OK
r-devel-linux-x86_64-fedora-gcc 0.17.5 106.92 OK
r-devel-osx-x86_64-clang 0.17.5 87.26 OK
r-devel-windows-ix86+x86_64 0.17.5 6.00 70.00 76.00 OK
r-patched-linux-x86_64 0.17.5 1.88 51.52 53.40 OK
r-patched-solaris-sparc 0.17.5 567.60 NOTE
r-patched-solaris-x86 0.17.5 131.70 OK
r-release-linux-ix86 0.17.5 2.27 63.11 65.38 OK
r-release-linux-x86_64 0.17.5 1.72 51.18 52.90 OK
r-release-osx-x86_64-mavericks 0.17.5 OK
r-release-osx-x86_64-snowleopard 0.17.5 OK
r-release-windows-ix86+x86_64 0.17.5 5.00 77.00 82.00 OK
r-oldrel-windows-ix86+x86_64 0.17.5 6.00 70.00 76.00 OK

Check Details

Version: 0.17.5
Check: package dependencies
Result: NOTE
    Package suggested but not available for checking: ‘microbenchmark’
Flavor: r-patched-solaris-sparc