Last updated on 2014-10-10 15:48:51.
Flavor | Version | Tinstall | Tcheck | Ttotal | Status | Flags |
---|---|---|---|---|---|---|
r-devel-linux-x86_64-debian-clang | 2.5.2 | 21.22 | 107.42 | 128.63 | NOTE | |
r-devel-linux-x86_64-debian-gcc | 2.5.2 | 21.44 | 114.74 | 136.18 | NOTE | |
r-devel-linux-x86_64-fedora-clang | 2.5.2 | 307.17 | NOTE | |||
r-devel-linux-x86_64-fedora-gcc | 2.5.2 | 290.28 | NOTE | |||
r-devel-osx-x86_64-clang | 2.5.2 | 218.98 | NOTE | |||
r-devel-windows-ix86+x86_64 | 2.5.2 | 35.00 | 158.00 | 193.00 | NOTE | |
r-patched-linux-x86_64 | 2.5.2 | 23.06 | 117.61 | 140.66 | NOTE | |
r-patched-solaris-sparc | 2.5.2 | 1632.40 | NOTE | |||
r-patched-solaris-x86 | 2.5.2 | 371.10 | NOTE | |||
r-release-linux-ix86 | 2.5.2 | 26.60 | 140.16 | 166.76 | NOTE | |
r-release-linux-x86_64 | 2.5.2 | 23.00 | 117.56 | 140.55 | NOTE | |
r-release-osx-x86_64-mavericks | 2.5.2 | NOTE | ||||
r-release-osx-x86_64-snowleopard | 2.5.2 | WARN | ||||
r-release-windows-ix86+x86_64 | 2.5.2 | 42.00 | 164.00 | 206.00 | NOTE | |
r-oldrel-windows-ix86+x86_64 | 2.5.2 | 35.00 | 165.00 | 200.00 | NOTE |
Version: 2.5.2
Check: dependencies in R code
Result: NOTE
':::' call which should be '::': ‘distr:::.isEqual’
See the note in ?`:::` about the use of this operator.
See the information on DESCRIPTION files in the chapter ‘Creating R
packages’ of the ‘Writing R Extensions’ manual.
Flavors: r-devel-linux-x86_64-debian-clang, r-devel-linux-x86_64-debian-gcc, r-devel-linux-x86_64-fedora-clang, r-devel-linux-x86_64-fedora-gcc, r-devel-osx-x86_64-clang, r-devel-windows-ix86+x86_64, r-patched-linux-x86_64, r-patched-solaris-sparc, r-patched-solaris-x86, r-release-linux-ix86, r-release-linux-x86_64, r-release-osx-x86_64-mavericks, r-release-windows-ix86+x86_64, r-oldrel-windows-ix86+x86_64
Version: 2.5.2
Check: R code for possible problems
Result: NOTE
.getLogDeriv: no visible global function definition for ‘D2ss’
.getLogDeriv: no visible global function definition for ‘D1ss’
.onAttach: no visible global function definition for
‘buildStartupMessage’
distrModMASK: no visible global function definition for ‘infoShow’
Flavors: r-devel-linux-x86_64-debian-clang, r-devel-linux-x86_64-debian-gcc, r-devel-linux-x86_64-fedora-clang, r-devel-linux-x86_64-fedora-gcc, r-devel-osx-x86_64-clang, r-devel-windows-ix86+x86_64
Version: 2.5.2
Check: files in ‘vignettes’
Result: NOTE
The following files look like leftovers/mistakes:
‘Rplots.pdf’
Please remove them from your package.
Flavors: r-devel-linux-x86_64-debian-clang, r-devel-linux-x86_64-debian-gcc, r-devel-linux-x86_64-fedora-clang, r-devel-linux-x86_64-fedora-gcc, r-devel-osx-x86_64-clang, r-devel-windows-ix86+x86_64, r-patched-linux-x86_64, r-patched-solaris-sparc, r-patched-solaris-x86
Version: 2.5.2
Check: Rd cross-references
Result: NOTE
Package unavailable to check Rd xrefs: 'RobAStBase'
Flavor: r-release-osx-x86_64-snowleopard
Version: 2.5.2
Check: examples
Result: WARN
checking a package with encoding 'latin1' in an ASCII locale
OK
Flavor: r-release-osx-x86_64-snowleopard