Last updated on 2014-10-10 15:48:51.
Flavor | Version | Tinstall | Tcheck | Ttotal | Status | Flags |
---|---|---|---|---|---|---|
r-devel-linux-x86_64-debian-clang | 0.0-8 | 3.21 | 19.77 | 22.98 | NOTE | |
r-devel-linux-x86_64-debian-gcc | 0.0-8 | 3.19 | 18.92 | 22.11 | NOTE | |
r-devel-linux-x86_64-fedora-clang | 0.0-8 | 47.02 | NOTE | |||
r-devel-linux-x86_64-fedora-gcc | 0.0-8 | 46.15 | NOTE | |||
r-devel-osx-x86_64-clang | 0.0-8 | 41.89 | NOTE | |||
r-devel-windows-ix86+x86_64 | 0.0-8 | 11.00 | 40.00 | 51.00 | NOTE | |
r-patched-linux-x86_64 | 0.0-8 | 3.32 | 20.61 | 23.93 | NOTE | |
r-patched-solaris-sparc | 0.0-8 | 294.30 | NOTE | |||
r-patched-solaris-x86 | 0.0-8 | 60.10 | NOTE | |||
r-release-linux-ix86 | 0.0-8 | 4.22 | 28.57 | 32.80 | NOTE | |
r-release-linux-x86_64 | 0.0-8 | 3.86 | 20.20 | 24.07 | NOTE | |
r-release-osx-x86_64-mavericks | 0.0-8 | NOTE | ||||
r-release-windows-ix86+x86_64 | 0.0-8 | 12.00 | 43.00 | 55.00 | NOTE | |
r-oldrel-windows-ix86+x86_64 | 0.0-8 | 14.00 | 44.00 | 58.00 | NOTE |
Version: 0.0-8
Check: dependencies in R code
Result: NOTE
Packages in Depends field not imported from:
‘cluster’ ‘oro.nifti’
These packages need to be imported from (in the NAMESPACE file)
for when this namespace is loaded but not attached.
See the information on DESCRIPTION files in the chapter ‘Creating R
packages’ of the ‘Writing R Extensions’ manual.
Flavors: r-devel-linux-x86_64-debian-clang, r-devel-linux-x86_64-debian-gcc, r-devel-linux-x86_64-fedora-clang, r-devel-linux-x86_64-fedora-gcc, r-devel-osx-x86_64-clang, r-devel-windows-ix86+x86_64, r-patched-linux-x86_64, r-patched-solaris-sparc, r-patched-solaris-x86, r-release-linux-ix86, r-release-linux-x86_64, r-release-osx-x86_64-mavericks, r-release-windows-ix86+x86_64, r-oldrel-windows-ix86+x86_64
Version: 0.0-8
Check: R code for possible problems
Result: NOTE
dpmixsim: no visible global function definition for ‘clara’
postkcluster: no visible global function definition for ‘clara’
readsliceimg: no visible global function definition for ‘readNIfTI’
Flavors: r-devel-linux-x86_64-debian-clang, r-devel-linux-x86_64-debian-gcc, r-devel-linux-x86_64-fedora-clang, r-devel-linux-x86_64-fedora-gcc, r-devel-osx-x86_64-clang, r-devel-windows-ix86+x86_64