Last updated on 2014-10-10 15:48:51.
Flavor | Version | Tinstall | Tcheck | Ttotal | Status | Flags |
---|---|---|---|---|---|---|
r-devel-linux-x86_64-debian-clang | 0.6.3 | 0.96 | 21.66 | 22.62 | OK | |
r-devel-linux-x86_64-debian-gcc | 0.6.3 | 0.97 | 21.61 | 22.58 | OK | |
r-devel-linux-x86_64-fedora-clang | 0.6.3 | 44.72 | OK | |||
r-devel-linux-x86_64-fedora-gcc | 0.6.3 | 44.54 | OK | |||
r-devel-osx-x86_64-clang | 0.6.3 | 40.24 | OK | |||
r-devel-windows-ix86+x86_64 | 0.6.3 | 4.00 | 37.00 | 41.00 | OK | |
r-patched-linux-x86_64 | 0.6.3 | 1.02 | 22.04 | 23.06 | OK | |
r-patched-solaris-sparc | 0.6.3 | 250.30 | OK | |||
r-patched-solaris-x86 | 0.6.3 | 58.20 | OK | |||
r-release-linux-ix86 | 0.6.3 | 1.42 | 30.54 | 31.96 | OK | |
r-release-linux-x86_64 | 0.6.3 | 1.03 | 22.04 | 23.08 | OK | |
r-release-osx-x86_64-mavericks | 0.6.3 | ERROR | ||||
r-release-osx-x86_64-snowleopard | 0.6.3 | OK | ||||
r-release-windows-ix86+x86_64 | 0.6.3 | 3.00 | 33.00 | 36.00 | OK | |
r-oldrel-windows-ix86+x86_64 | 0.6.3 | 4.00 | 34.00 | 38.00 | OK |
Version: 0.6.3
Check: package dependencies
Result: ERROR
Package required but not available: ‘RODBC’
See the information on DESCRIPTION files in the chapter ‘Creating R
packages’ of the ‘Writing R Extensions’ manual.
Flavor: r-release-osx-x86_64-mavericks