Last updated on 2014-10-10 15:48:52.
Flavor | Version | Tinstall | Tcheck | Ttotal | Status | Flags |
---|---|---|---|---|---|---|
r-devel-linux-x86_64-debian-clang | 5.1 | 4.96 | 61.27 | 66.24 | OK | |
r-devel-linux-x86_64-debian-gcc | 5.1 | 5.10 | 58.56 | 63.65 | OK | |
r-devel-linux-x86_64-fedora-clang | 5.1 | 133.44 | OK | |||
r-devel-linux-x86_64-fedora-gcc | 5.1 | 60.18 | OK | |||
r-devel-osx-x86_64-clang | 5.1 | 64.61 | OK | |||
r-devel-windows-ix86+x86_64 | 5.1 | 16.00 | 90.00 | 106.00 | NOTE | |
r-patched-linux-x86_64 | 5.1 | 6.25 | 61.99 | 68.24 | OK | |
r-patched-solaris-sparc | 5.1 | 702.20 | OK | |||
r-patched-solaris-x86 | 5.1 | 163.20 | OK | |||
r-release-linux-ix86 | 5.0 | 0.73 | 1.75 | 2.48 | ERROR | |
r-release-linux-x86_64 | 5.1 | 5.15 | 62.72 | 67.88 | OK | |
r-release-osx-x86_64-mavericks | 5.1 | OK | ||||
r-release-osx-x86_64-snowleopard | 5.1 | OK | ||||
r-release-windows-ix86+x86_64 | 5.1 | 16.00 | 99.00 | 115.00 | NOTE | |
r-oldrel-windows-ix86+x86_64 | 5.1 | 17.00 | 100.00 | 117.00 | NOTE |
Version: 5.1
Check: R code for possible problems
Result: NOTE
.fonctionfit: no visible global function definition for 'mcparallel'
.fonctionfit: no visible global function definition for 'mccollect'
Flavors: r-devel-windows-ix86+x86_64, r-release-windows-ix86+x86_64, r-oldrel-windows-ix86+x86_64
Version: 5.0
Check: package dependencies
Result: ERROR
Package required but not available: ‘phenology’
See the information on DESCRIPTION files in the chapter ‘Creating R
packages’ of the ‘Writing R Extensions’ manual.
Flavor: r-release-linux-ix86