CRAN Package Check Results for Package enrichvs

Last updated on 2014-10-10 15:48:52.

Flavor Version Tinstall Tcheck Ttotal Status Flags
r-devel-linux-x86_64-debian-clang 0.0.5 0.61 11.04 11.65 NOTE
r-devel-linux-x86_64-debian-gcc 0.0.5 0.59 10.85 11.44 NOTE
r-devel-linux-x86_64-fedora-clang 0.0.5 22.53 NOTE
r-devel-linux-x86_64-fedora-gcc 0.0.5 20.62 NOTE
r-devel-osx-x86_64-clang 0.0.5 24.11 NOTE
r-devel-windows-ix86+x86_64 0.0.5 2.00 18.00 20.00 NOTE
r-patched-linux-x86_64 0.0.5 0.61 10.97 11.58 NOTE
r-patched-solaris-sparc 0.0.5 125.00 NOTE
r-patched-solaris-x86 0.0.5 32.70 NOTE
r-release-linux-ix86 0.0.5 0.84 16.79 17.63 NOTE
r-release-linux-x86_64 0.0.5 0.61 10.38 11.00 NOTE
r-release-osx-x86_64-mavericks 0.0.5 NOTE
r-release-windows-ix86+x86_64 0.0.5 3.00 28.00 31.00 NOTE
r-oldrel-windows-ix86+x86_64 0.0.5 2.00 19.00 21.00 NOTE

Check Details

Version: 0.0.5
Check: DESCRIPTION meta-information
Result: NOTE
    Deprecated license: BSD
Flavors: r-devel-linux-x86_64-debian-clang, r-devel-linux-x86_64-debian-gcc, r-devel-linux-x86_64-fedora-clang, r-devel-linux-x86_64-fedora-gcc, r-devel-osx-x86_64-clang, r-patched-linux-x86_64, r-patched-solaris-sparc, r-patched-solaris-x86, r-release-linux-ix86, r-release-linux-x86_64, r-release-osx-x86_64-mavericks

Version: 0.0.5
Check: Rd files
Result: NOTE
    prepare_Rd: auac.Rd:28-30: Dropping empty section \details
    prepare_Rd: auac.Rd:40-42: Dropping empty section \note
    prepare_Rd: auac.Rd:44-46: Dropping empty section \seealso
    prepare_Rd: auc.Rd:28-30: Dropping empty section \details
    prepare_Rd: auc.Rd:40-42: Dropping empty section \note
    prepare_Rd: auc.Rd:44-46: Dropping empty section \seealso
    prepare_Rd: bedroc.Rd:28-30: Dropping empty section \details
    prepare_Rd: bedroc.Rd:40-42: Dropping empty section \note
    prepare_Rd: bedroc.Rd:44-46: Dropping empty section \seealso
    prepare_Rd: enrichment_factor.Rd:28-30: Dropping empty section \details
    prepare_Rd: enrichment_factor.Rd:40-42: Dropping empty section \note
    prepare_Rd: enrichment_factor.Rd:34-36: Dropping empty section \references
    prepare_Rd: enrichment_factor.Rd:44-46: Dropping empty section \seealso
    prepare_Rd: enrichvs-package.Rd:34-36: Dropping empty section \seealso
    prepare_Rd: enrichvs-package.Rd:37-39: Dropping empty section \examples
    prepare_Rd: matplot_enrichment_curve.Rd:22-24: Dropping empty section \details
    prepare_Rd: matplot_enrichment_curve.Rd:34-36: Dropping empty section \note
    prepare_Rd: matplot_enrichment_curve.Rd:28-30: Dropping empty section \references
    prepare_Rd: matplot_enrichment_curve.Rd:38-40: Dropping empty section \seealso
    prepare_Rd: plot_enrichment_curve.Rd:44-46: Dropping empty section \details
    prepare_Rd: plot_enrichment_curve.Rd:56-58: Dropping empty section \note
    prepare_Rd: plot_enrichment_curve.Rd:50-52: Dropping empty section \references
    prepare_Rd: plot_enrichment_curve.Rd:60-62: Dropping empty section \seealso
    prepare_Rd: plot_enrichment_curve_xlog.Rd:44-46: Dropping empty section \details
    prepare_Rd: plot_enrichment_curve_xlog.Rd:56-58: Dropping empty section \note
    prepare_Rd: plot_enrichment_curve_xlog.Rd:50-52: Dropping empty section \references
    prepare_Rd: plot_enrichment_curve_xlog.Rd:60-62: Dropping empty section \seealso
    prepare_Rd: rie.Rd:28-30: Dropping empty section \details
    prepare_Rd: rie.Rd:49-51: Dropping empty section \seealso
Flavors: r-devel-linux-x86_64-debian-clang, r-devel-linux-x86_64-debian-gcc, r-devel-linux-x86_64-fedora-clang, r-devel-linux-x86_64-fedora-gcc, r-devel-osx-x86_64-clang, r-devel-windows-ix86+x86_64, r-patched-linux-x86_64, r-patched-solaris-sparc, r-patched-solaris-x86, r-release-linux-ix86, r-release-linux-x86_64, r-release-osx-x86_64-mavericks, r-release-windows-ix86+x86_64, r-oldrel-windows-ix86+x86_64