CRAN Package Check Results for Package erpR

Last updated on 2014-10-10 15:48:52.

Flavor Version Tinstall Tcheck Ttotal Status Flags
r-devel-linux-x86_64-debian-clang 0.2.0 1.28 28.07 29.35 NOTE
r-devel-linux-x86_64-debian-gcc 0.2.0 1.36 26.65 28.01 NOTE
r-devel-linux-x86_64-fedora-clang 0.2.0 54.92 NOTE
r-devel-linux-x86_64-fedora-gcc 0.2.0 52.23 NOTE
r-devel-osx-x86_64-clang 0.2.0 55.59 NOTE
r-devel-windows-ix86+x86_64 0.2.0 4.00 37.00 41.00 NOTE
r-patched-linux-x86_64 0.2.0 1.26 28.51 29.77 OK
r-patched-solaris-sparc 0.2.0 331.10 OK
r-patched-solaris-x86 0.2.0 77.40 OK
r-release-linux-ix86 0.2.0 1.71 39.38 41.09 OK
r-release-linux-x86_64 0.2.0 1.25 30.03 31.28 OK
r-release-osx-x86_64-mavericks 0.2.0 OK
r-release-osx-x86_64-snowleopard 0.2.0 OK
r-release-windows-ix86+x86_64 0.2.0 4.00 42.00 46.00 OK
r-oldrel-windows-ix86+x86_64 0.2.0 5.00 43.00 48.00 OK

Check Details

Version: 0.2.0
Check: R code for possible problems
Result: NOTE
    topoplot: no visible global function definition for ‘interp’
Flavors: r-devel-linux-x86_64-debian-clang, r-devel-linux-x86_64-debian-gcc, r-devel-linux-x86_64-fedora-clang, r-devel-linux-x86_64-fedora-gcc, r-devel-osx-x86_64-clang, r-devel-windows-ix86+x86_64