Last updated on 2014-10-10 15:48:53.
Flavor | Version | Tinstall | Tcheck | Ttotal | Status | Flags |
---|---|---|---|---|---|---|
r-devel-linux-x86_64-debian-clang | 1.1-0 | 2.50 | 72.31 | 74.81 | NOTE | |
r-devel-linux-x86_64-debian-gcc | 1.1-0 | 2.47 | 70.38 | 72.86 | NOTE | |
r-devel-linux-x86_64-fedora-clang | 1.1-0 | 148.14 | NOTE | |||
r-devel-linux-x86_64-fedora-gcc | 1.1-0 | 143.03 | NOTE | |||
r-devel-osx-x86_64-clang | 1.1-0 | 110.05 | NOTE | |||
r-devel-windows-ix86+x86_64 | 1.1-0 | 10.00 | 163.00 | 173.00 | NOTE | |
r-patched-linux-x86_64 | 1.1-0 | 2.54 | 75.53 | 78.08 | OK | |
r-patched-solaris-sparc | 1.1-0 | 973.70 | OK | |||
r-patched-solaris-x86 | 1.1-0 | 184.40 | OK | |||
r-release-linux-ix86 | 1.1-0 | 3.38 | 105.89 | 109.27 | OK | |
r-release-linux-x86_64 | 1.1-0 | 2.58 | 75.29 | 77.87 | OK | |
r-release-osx-x86_64-mavericks | 1.1-0 | OK | ||||
r-release-osx-x86_64-snowleopard | 1.1-0 | OK | ||||
r-release-windows-ix86+x86_64 | 1.1-0 | 10.00 | 177.00 | 187.00 | OK | |
r-oldrel-windows-ix86+x86_64 | 1.1-0 | 10.00 | 202.00 | 212.00 | OK |
Version: 1.1-0
Check: R code for possible problems
Result: NOTE
lrtest.frontier: no visible binding for global variable
‘lrtest.default’
Flavors: r-devel-linux-x86_64-debian-clang, r-devel-linux-x86_64-debian-gcc, r-devel-linux-x86_64-fedora-clang, r-devel-linux-x86_64-fedora-gcc, r-devel-osx-x86_64-clang, r-devel-windows-ix86+x86_64