Last updated on 2014-10-10 15:49:09.
Flavor | Version | Tinstall | Tcheck | Ttotal | Status | Flags |
---|---|---|---|---|---|---|
r-devel-linux-x86_64-debian-clang | 0.8-8 | 6.22 | 123.10 | 129.32 | OK | |
r-devel-linux-x86_64-debian-gcc | 0.8-8 | 6.27 | 122.66 | 128.92 | OK | |
r-devel-linux-x86_64-fedora-clang | 0.8-8 | 296.21 | OK | |||
r-devel-linux-x86_64-fedora-gcc | 0.8-8 | 276.87 | OK | |||
r-devel-osx-x86_64-clang | 0.8-8 | 231.14 | OK | |||
r-devel-windows-ix86+x86_64 | 0.8-8 | 19.00 | 221.00 | 240.00 | OK | |
r-patched-linux-x86_64 | 0.8-8 | 6.72 | 133.10 | 139.82 | OK | |
r-patched-solaris-sparc | 0.8-8 | 1494.10 | OK | |||
r-patched-solaris-x86 | 0.8-8 | 371.10 | OK | |||
r-release-linux-ix86 | 0.8-8 | 8.33 | 150.54 | 158.87 | OK | |
r-release-linux-x86_64 | 0.8-8 | 6.32 | 134.55 | 140.87 | OK | |
r-release-osx-x86_64-mavericks | 0.8-8 | NOTE | ||||
r-release-osx-x86_64-snowleopard | 0.8-8 | OK | ||||
r-release-windows-ix86+x86_64 | 0.8-8 | 20.00 | 240.00 | 260.00 | OK | |
r-oldrel-windows-ix86+x86_64 | 0.8-8 | 21.00 | 255.00 | 276.00 | OK |
Version: 0.8-8
Check: re-building of vignette outputs
Result: NOTE
Error in re-building vignettes:
...
unable to find LaTeX package 'framed'; will use a copy from knitr
Loading required package: splines
Error in texi2dvi(file = file, pdf = TRUE, clean = clean, quiet = quiet, :
Running 'texi2dvi' on 'gMCP.tex' failed.
LaTeX errors:
! LaTeX Error: File `algorithmic.sty' not found.
Type X to quit or <RETURN> to proceed,
or enter new name. (Default extension: sty)
st/gMCP/vignettes/gMCP.tex:68: ==> Fatal error occurred, no output PDF file pr
oduced!
Calls: buildVignettes -> texi2pdf -> texi2dvi
In addition: Warning messages:
1: In wilcox.test.default(x, y, alternative = "less", correct = TRUE) :
cannot compute exact p-value with ties
2: In wilcox.test.default(x, y, alternative = "less", correct = TRUE) :
cannot compute exact p-value with ties
3: In wilcox.test.default(x, y, alternative = "less", correct = TRUE) :
cannot compute exact p-value with ties
4: In wilcox.test.default(x, y, alternative = "less", correct = TRUE) :
cannot compute exact p-value with ties
5: In wilcox.test.default(x, y, alternative = "less", correct = TRUE) :
cannot compute exact p-value with ties
Execution halted
Flavor: r-release-osx-x86_64-mavericks