Last updated on 2014-10-10 15:48:54.
Flavor | Version | Tinstall | Tcheck | Ttotal | Status | Flags |
---|---|---|---|---|---|---|
r-devel-linux-x86_64-debian-clang | 0.3.1 | 1.72 | 31.77 | 33.48 | NOTE | |
r-devel-linux-x86_64-debian-gcc | 0.3.1 | 1.66 | 31.66 | 33.32 | NOTE | |
r-devel-linux-x86_64-fedora-clang | 0.3.1 | 66.90 | NOTE | |||
r-devel-linux-x86_64-fedora-gcc | 0.3.1 | 65.66 | NOTE | |||
r-devel-osx-x86_64-clang | 0.3.1 | 53.38 | NOTE | |||
r-devel-windows-ix86+x86_64 | 0.3.1 | 5.00 | 75.00 | 80.00 | NOTE | |
r-patched-linux-x86_64 | 0.3.1 | 1.88 | 34.12 | 36.00 | OK | |
r-patched-solaris-sparc | 0.3.1 | 433.70 | OK | |||
r-patched-solaris-x86 | 0.3.1 | 97.40 | OK | |||
r-release-linux-ix86 | 0.3.1 | 2.31 | 46.66 | 48.97 | OK | |
r-release-linux-x86_64 | 0.3.1 | 1.87 | 34.49 | 36.36 | OK | |
r-release-osx-x86_64-mavericks | 0.3.1 | NOTE | ||||
r-release-osx-x86_64-snowleopard | 0.3.1 | OK | ||||
r-release-windows-ix86+x86_64 | 0.3.1 | 6.00 | 80.00 | 86.00 | OK | |
r-oldrel-windows-ix86+x86_64 | 0.3.1 | 7.00 | 77.00 | 84.00 | OK |
Version: 0.3.1
Check: R code for possible problems
Result: NOTE
gdal_rasterize: no visible global function definition for ‘brick’
gdal_translate: no visible global function definition for ‘brick’
gdaldem: no visible global function definition for ‘brick’
gdalwarp: no visible global function definition for ‘brick’
Flavors: r-devel-linux-x86_64-debian-clang, r-devel-linux-x86_64-debian-gcc, r-devel-linux-x86_64-fedora-clang, r-devel-linux-x86_64-fedora-gcc, r-devel-osx-x86_64-clang, r-devel-windows-ix86+x86_64
Version: 0.3.1
Check: package dependencies
Result: NOTE
Package suggested but not available for checking: ‘rgdal’
Flavor: r-release-osx-x86_64-mavericks