Last updated on 2014-10-10 15:48:54.
Flavor | Version | Tinstall | Tcheck | Ttotal | Status | Flags |
---|---|---|---|---|---|---|
r-devel-linux-x86_64-debian-clang | 0.4.1 | 1.81 | 26.58 | 28.39 | OK | |
r-devel-linux-x86_64-debian-gcc | 0.4.1 | 1.82 | 26.40 | 28.23 | OK | |
r-devel-linux-x86_64-fedora-clang | 0.4.1 | 60.68 | OK | |||
r-devel-linux-x86_64-fedora-gcc | 0.4.1 | 57.23 | OK | |||
r-devel-osx-x86_64-clang | 0.4.1 | 52.27 | OK | |||
r-devel-windows-ix86+x86_64 | 0.4.1 | 6.00 | 41.00 | 47.00 | OK | |
r-patched-linux-x86_64 | 0.4.1 | 1.86 | 27.19 | 29.05 | OK | |
r-patched-solaris-sparc | 0.4.1 | 299.50 | OK | |||
r-patched-solaris-x86 | 0.4.1 | 80.60 | OK | |||
r-release-linux-ix86 | 0.4.1 | 2.34 | 36.03 | 38.37 | OK | |
r-release-linux-x86_64 | 0.4.1 | 1.87 | 28.43 | 30.30 | OK | |
r-release-osx-x86_64-mavericks | 0.4.1 | OK | ||||
r-release-osx-x86_64-snowleopard | 0.4.1 | OK | ||||
r-release-windows-ix86+x86_64 | 0.4.1 | 5.00 | 47.00 | 52.00 | OK | |
r-oldrel-windows-ix86+x86_64 | 0.4.1 | 1.00 | 1.00 | 2.00 | ERROR |
Version: 0.4.1
Check: package dependencies
Result: ERROR
Package required but not available: 'dplyr'
See the information on DESCRIPTION files in the chapter 'Creating R
packages' of the 'Writing R Extensions' manual.
Flavor: r-oldrel-windows-ix86+x86_64