CRAN Package Check Results for Package genlasso

Last updated on 2014-10-10 15:48:54.

Flavor Version Tinstall Tcheck Ttotal Status Flags
r-devel-linux-x86_64-debian-clang 1.3 6.45 94.79 101.24 OK
r-devel-linux-x86_64-debian-gcc 1.3 6.41 90.06 96.47 OK
r-devel-linux-x86_64-fedora-clang 1.3 229.56 OK
r-devel-linux-x86_64-fedora-gcc 1.3 223.00 OK
r-devel-osx-x86_64-clang 1.3 164.99 OK
r-devel-windows-ix86+x86_64 1.3 16.00 146.00 162.00 OK
r-patched-linux-x86_64 1.3 7.09 107.97 115.06 OK
r-patched-solaris-sparc 1.3 1201.60 OK
r-patched-solaris-x86 1.3 277.70 OK
r-release-linux-ix86 1.3 8.17 123.63 131.80 OK
r-release-linux-x86_64 1.3 7.03 108.27 115.30 OK
r-release-osx-x86_64-mavericks 1.3 NOTE
r-release-osx-x86_64-snowleopard 1.3 OK
r-release-windows-ix86+x86_64 1.3 17.00 172.00 189.00 OK
r-oldrel-windows-ix86+x86_64 1.3 16.00 171.00 187.00 OK

Check Details

Version: 1.3
Check: re-building of vignette outputs
Result: NOTE
    Error in re-building vignettes:
     ...
    Loading required package: MASS
    Loading required package: Matrix
    Loading required package: igraph
    Error in texi2dvi(file = file, pdf = TRUE, clean = clean, quiet = quiet, :
     Running 'texi2dvi' on 'article.tex' failed.
    LaTeX errors:
    ! LaTeX Error: File `utf8x.def' not found.
    
    Type X to quit or <RETURN> to proceed,
    or enter new name. (Default extension: def)
    Calls: buildVignettes -> texi2pdf -> texi2dvi
    Execution halted
Flavor: r-release-osx-x86_64-mavericks