CRAN Package Check Results for Package glmx

Last updated on 2014-10-10 15:49:09.

Flavor Version Tinstall Tcheck Ttotal Status Flags
r-devel-linux-x86_64-debian-clang 0.1-0 3.05 20.02 23.07 NOTE
r-devel-linux-x86_64-debian-gcc 0.1-0 0.98 19.78 20.76 NOTE
r-devel-linux-x86_64-fedora-clang 0.1-0 44.27 NOTE
r-devel-linux-x86_64-fedora-gcc 0.1-0 40.31 NOTE
r-devel-osx-x86_64-clang 0.1-0 43.34 NOTE
r-devel-windows-ix86+x86_64 0.1-0 5.00 32.00 37.00 NOTE
r-patched-linux-x86_64 0.1-0 1.02 21.00 22.02 OK
r-patched-solaris-sparc 0.1-0 242.90 OK
r-patched-solaris-x86 0.1-0 59.50 OK
r-release-linux-ix86 0.1-0 1.34 29.16 30.50 OK
r-release-linux-x86_64 0.1-0 0.97 20.82 21.79 OK
r-release-osx-x86_64-mavericks 0.1-0 OK
r-release-osx-x86_64-snowleopard 0.1-0 OK
r-release-windows-ix86+x86_64 0.1-0 4.00 34.00 38.00 OK
r-oldrel-windows-ix86+x86_64 0.1-0 4.00 37.00 41.00 OK

Check Details

Version: 0.1-0
Check: R code for possible problems
Result: NOTE
    .ab_to_scale: no visible global function definition for ‘qgl’
    coeftest.hetglm: no visible global function definition for
     ‘coeftest.default’
    dpregibon: no visible global function definition for ‘dgl’
    ppregibon: no visible global function definition for ‘pgl’
    qpregibon: no visible global function definition for ‘qgl’
Flavors: r-devel-linux-x86_64-debian-clang, r-devel-linux-x86_64-debian-gcc, r-devel-linux-x86_64-fedora-clang, r-devel-linux-x86_64-fedora-gcc, r-devel-osx-x86_64-clang, r-devel-windows-ix86+x86_64