CRAN Package Check Results for Package growfunctions

Last updated on 2014-10-10 15:49:09.

Flavor Version Tinstall Tcheck Ttotal Status Flags
r-devel-linux-x86_64-debian-clang 0.1 76.69 91.92 168.61 NOTE
r-devel-linux-x86_64-debian-gcc 0.1 89.03 89.19 178.22 NOTE
r-devel-linux-x86_64-fedora-clang 0.1 397.62 NOTE
r-devel-linux-x86_64-fedora-gcc 0.1 403.91 NOTE
r-devel-osx-x86_64-clang 0.1 259.98 NOTE
r-devel-windows-ix86+x86_64 0.1 206.00 202.00 408.00 NOTE
r-patched-linux-x86_64 0.1 90.54 94.17 184.72 NOTE
r-patched-solaris-sparc 0.1 2018.70 NOTE
r-patched-solaris-x86 0.1 464.00 NOTE
r-release-linux-ix86 0.1 109.23 112.92 222.15 NOTE
r-release-linux-x86_64 0.1 89.40 93.46 182.86 NOTE
r-release-osx-x86_64-mavericks 0.1 NOTE
r-release-osx-x86_64-snowleopard 0.1 NOTE
r-release-windows-ix86+x86_64 0.1 200.00 208.00 408.00 OK

Memtest notes: valgrind valgrind

Check Details

Version: 0.1
Check: installed package size
Result: NOTE
     installed size is 11.4Mb
     sub-directories of 1Mb or more:
     libs 11.0Mb
Flavors: r-devel-linux-x86_64-debian-clang, r-devel-linux-x86_64-debian-gcc, r-devel-linux-x86_64-fedora-clang, r-devel-linux-x86_64-fedora-gcc, r-patched-linux-x86_64, r-patched-solaris-sparc, r-patched-solaris-x86, r-release-linux-ix86, r-release-linux-x86_64, r-release-osx-x86_64-mavericks, r-release-osx-x86_64-snowleopard

Version: 0.1
Check: compiled code
Result: NOTE
    File ‘growfunctions/libs/growfunctions.so’:
     Found ‘srand’, possibly from ‘srand’ (C)
     Objects: ‘dpmix.o’, ‘gp.o’, ‘gpbfix.o’, ‘gpdpbmix.o’, ‘gpdpmix.o’,
     ‘gpfix.o’
    
    Compiled code should not call entry points which might terminate R nor
    write to stdout/stderr instead of to the console, nor the C RNG.
    
    See ‘Writing portable packages’ in the ‘Writing R Extensions’ manual.
Flavors: r-devel-linux-x86_64-debian-clang, r-devel-linux-x86_64-debian-gcc, r-devel-linux-x86_64-fedora-clang, r-devel-linux-x86_64-fedora-gcc

Version: 0.1
Check: compiled code
Result: NOTE
    File ‘growfunctions/libs/growfunctions.so’:
     Found ‘_srand’, possibly from ‘srand’ (C)
     Objects: ‘dpmix.o’, ‘gp.o’, ‘gpbfix.o’, ‘gpdpbmix.o’, ‘gpdpmix.o’,
     ‘gpfix.o’
    
    Compiled code should not call entry points which might terminate R nor
    write to stdout/stderr instead of to the console, nor the C RNG.
    
    See ‘Writing portable packages’ in the ‘Writing R Extensions’ manual.
Flavor: r-devel-osx-x86_64-clang

Version: 0.1
Check: compiled code
Result: NOTE
    File 'growfunctions/libs/i386/growfunctions.dll':
     Found 'srand', possibly from 'srand' (C)
     Objects: 'dpmix.o', 'gp.o', 'gpbfix.o', 'gpdpbmix.o', 'gpdpmix.o',
     'gpfix.o'
    File 'growfunctions/libs/x64/growfunctions.dll':
     Found 'srand', possibly from 'srand' (C)
     Objects: 'dpmix.o', 'gp.o', 'gpbfix.o', 'gpdpbmix.o', 'gpdpmix.o',
     'gpfix.o'
    
    Compiled code should not call entry points which might terminate R nor
    write to stdout/stderr instead of to the console, nor the C RNG.
    
    See 'Writing portable packages' in the 'Writing R Extensions' manual.
Flavor: r-devel-windows-ix86+x86_64