Last updated on 2014-10-10 15:49:09.
Flavor | Version | Tinstall | Tcheck | Ttotal | Status | Flags |
---|---|---|---|---|---|---|
r-devel-linux-x86_64-debian-clang | 2.0 | 0.59 | 8.88 | 9.47 | NOTE | |
r-devel-linux-x86_64-debian-gcc | 2.0 | 0.61 | 9.03 | 9.64 | NOTE | |
r-devel-linux-x86_64-fedora-clang | 2.0 | 19.49 | NOTE | |||
r-devel-linux-x86_64-fedora-gcc | 2.0 | 19.75 | NOTE | |||
r-devel-osx-x86_64-clang | 2.0 | 23.33 | NOTE | |||
r-devel-windows-ix86+x86_64 | 2.0 | 2.00 | 14.00 | 16.00 | OK | |
r-patched-linux-x86_64 | 2.0 | 0.60 | 9.06 | 9.66 | NOTE | |
r-patched-solaris-sparc | 2.0 | 102.70 | NOTE | |||
r-patched-solaris-x86 | 2.0 | 30.40 | NOTE | |||
r-release-linux-ix86 | 2.0 | 0.77 | 14.28 | 15.05 | NOTE | |
r-release-linux-x86_64 | 2.0 | 0.54 | 8.74 | 9.28 | NOTE | |
r-release-osx-x86_64-mavericks | 2.0 | NOTE | ||||
r-release-windows-ix86+x86_64 | 2.0 | 3.00 | 24.00 | 27.00 | OK | |
r-oldrel-windows-ix86+x86_64 | 2.0 | 2.00 | 16.00 | 18.00 | OK |
Version: 2.0
Check: DESCRIPTION meta-information
Result: NOTE
Deprecated license: BSD
Flavors: r-devel-linux-x86_64-debian-clang, r-devel-linux-x86_64-debian-gcc, r-devel-linux-x86_64-fedora-clang, r-devel-linux-x86_64-fedora-gcc, r-devel-osx-x86_64-clang, r-patched-linux-x86_64, r-patched-solaris-sparc, r-patched-solaris-x86, r-release-linux-ix86, r-release-linux-x86_64, r-release-osx-x86_64-mavericks
Version: 2.0
Check: top-level files
Result: NOTE
Non-standard file/directory found at top level:
‘doc’
Flavors: r-devel-linux-x86_64-debian-clang, r-devel-linux-x86_64-debian-gcc, r-devel-linux-x86_64-fedora-clang, r-devel-linux-x86_64-fedora-gcc, r-patched-linux-x86_64, r-release-linux-x86_64