Last updated on 2014-10-10 15:49:09.
Flavor | Version | Tinstall | Tcheck | Ttotal | Status | Flags |
---|---|---|---|---|---|---|
r-devel-linux-x86_64-debian-clang | 0.1 | 1.34 | 19.81 | 21.14 | NOTE | |
r-devel-linux-x86_64-debian-gcc | 0.1 | 1.34 | 19.46 | 20.80 | NOTE | |
r-devel-linux-x86_64-fedora-clang | 0.1 | 47.94 | NOTE | |||
r-devel-linux-x86_64-fedora-gcc | 0.1 | 45.21 | NOTE | |||
r-devel-osx-x86_64-clang | 0.1 | 41.21 | NOTE | |||
r-devel-windows-ix86+x86_64 | 0.1 | 4.00 | 34.00 | 38.00 | NOTE | |
r-patched-linux-x86_64 | 0.1 | 1.38 | 20.27 | 21.65 | NOTE | |
r-patched-solaris-sparc | 0.1 | 242.10 | NOTE | |||
r-patched-solaris-x86 | 0.1 | 60.40 | NOTE | |||
r-release-linux-ix86 | 0.1 | 1.90 | 27.72 | 29.61 | NOTE | |
r-release-linux-x86_64 | 0.1 | 1.41 | 20.34 | 21.75 | NOTE | |
r-release-osx-x86_64-mavericks | 0.1 | NOTE | ||||
r-release-osx-x86_64-snowleopard | 0.1 | ERROR | ||||
r-release-windows-ix86+x86_64 | 0.1 | 5.00 | 32.00 | 37.00 | NOTE | |
r-oldrel-windows-ix86+x86_64 | 0.1 | 6.00 | 36.00 | 42.00 | NOTE |
Version: 0.1
Check: dependencies in R code
Result: NOTE
Packages in Depends field not imported from:
‘methods’ ‘vars’
These packages need to be imported from (in the NAMESPACE file)
for when this namespace is loaded but not attached.
See the information on DESCRIPTION files in the chapter ‘Creating R
packages’ of the ‘Writing R Extensions’ manual.
Flavors: r-devel-linux-x86_64-debian-clang, r-devel-linux-x86_64-debian-gcc, r-devel-linux-x86_64-fedora-clang, r-devel-linux-x86_64-fedora-gcc, r-devel-osx-x86_64-clang, r-devel-windows-ix86+x86_64, r-patched-linux-x86_64, r-patched-solaris-sparc, r-patched-solaris-x86, r-release-linux-ix86, r-release-linux-x86_64, r-release-osx-x86_64-mavericks, r-release-windows-ix86+x86_64, r-oldrel-windows-ix86+x86_64
Version: 0.1
Check: whether package can be installed
Result: ERROR
Installation failed.
Flavor: r-release-osx-x86_64-snowleopard