CRAN Package Check Results for Package ibd

Last updated on 2014-10-10 15:49:10.

Flavor Version Tinstall Tcheck Ttotal Status Flags
r-devel-linux-x86_64-debian-clang 1.2 4.61 55.86 60.47 OK
r-devel-linux-x86_64-debian-gcc 1.2 4.36 56.38 60.74 OK
r-devel-linux-x86_64-fedora-clang 1.2 137.35 OK
r-devel-linux-x86_64-fedora-gcc 1.2 134.95 OK
r-devel-osx-x86_64-clang 1.2 106.55 OK
r-devel-windows-ix86+x86_64 1.2 12.00 77.00 89.00 OK
r-patched-linux-x86_64 1.2 4.38 58.02 62.40 OK
r-patched-solaris-sparc 1.2 641.50 OK
r-patched-solaris-x86 1.2 171.30 OK
r-release-linux-ix86 1.2 5.27 66.71 71.98 OK
r-release-linux-x86_64 1.2 4.47 57.22 61.69 OK
r-release-osx-x86_64-mavericks 1.2 OK
r-release-osx-x86_64-snowleopard 1.2 OK
r-release-windows-ix86+x86_64 1.2 13.00 87.00 100.00 OK
r-oldrel-windows-ix86+x86_64 1.1 4.00 26.00 30.00 NOTE

Check Details

Version: 1.1
Check: dependencies in R code
Result: NOTE
    'library' or 'require' call to 'MASS' which was already attached by Depends.
     Please remove these calls from your code.
    Packages in Depends field not imported from:
     'MASS' 'lpSolve'
     These packages need to be imported from (in the NAMESPACE file)
     for when this namespace is loaded but not attached.
    See the information on DESCRIPTION files in the chapter 'Creating R
    packages' of the 'Writing R Extensions' manual.
Flavor: r-oldrel-windows-ix86+x86_64