CRAN Package Check Results for Package ic50

Last updated on 2014-10-10 15:49:10.

Flavor Version Tinstall Tcheck Ttotal Status Flags
r-devel-linux-x86_64-debian-clang 1.4.2 0.83 19.02 19.85 NOTE
r-devel-linux-x86_64-debian-gcc 1.4.2 0.86 19.40 20.26 NOTE
r-devel-linux-x86_64-fedora-clang 1.4.2 39.32 NOTE
r-devel-linux-x86_64-fedora-gcc 1.4.2 38.35 NOTE
r-devel-osx-x86_64-clang 1.4.2 40.31 NOTE
r-devel-windows-ix86+x86_64 1.4.2 4.00 28.00 32.00 NOTE
r-patched-linux-x86_64 1.4.2 0.89 19.95 20.84 NOTE
r-patched-solaris-sparc 1.4.2 250.40 NOTE
r-patched-solaris-x86 1.4.2 57.20 NOTE
r-release-linux-ix86 1.4.2 1.26 28.01 29.27 NOTE
r-release-linux-x86_64 1.4.2 0.83 20.21 21.04 NOTE
r-release-osx-x86_64-mavericks 1.4.2 NOTE
r-release-windows-ix86+x86_64 1.4.2 6.00 46.00 52.00 NOTE
r-oldrel-windows-ix86+x86_64 1.4.2 4.00 34.00 38.00 NOTE

Check Details

Version: 1.4.2
Check: dependencies in R code
Result: NOTE
    'library' or 'require' call to ‘tcltk’ which was already attached by Depends.
     Please remove these calls from your code.
    Package in Depends field not imported from: ‘tcltk’
     These packages need to be imported from (in the NAMESPACE file)
     for when this namespace is loaded but not attached.
    See the information on DESCRIPTION files in the chapter ‘Creating R
    packages’ of the ‘Writing R Extensions’ manual.
Flavors: r-devel-linux-x86_64-debian-clang, r-devel-linux-x86_64-debian-gcc, r-devel-linux-x86_64-fedora-clang, r-devel-linux-x86_64-fedora-gcc, r-devel-osx-x86_64-clang, r-devel-windows-ix86+x86_64, r-patched-linux-x86_64, r-patched-solaris-sparc, r-patched-solaris-x86

Version: 1.4.2
Check: R code for possible problems
Result: NOTE
    ic50: no visible global function definition for ‘tktoplevel’
    ic50: no visible global function definition for ‘tkwm.title’
    ic50: no visible global function definition for ‘tkradiobutton’
    ic50: no visible global function definition for ‘tclVar’
    ic50: no visible global function definition for ‘tkconfigure’
    ic50: no visible global function definition for ‘tkentry’
    ic50 : onIndirBrowse: no visible global function definition for
     ‘tclvalue<-’
    ic50 : onIndirBrowse: no visible global function definition for
     ‘tclvalue’
    ic50 : onIndirBrowse: no visible global function definition for
     ‘tkchooseDirectory’
    ic50: no visible global function definition for ‘tkbutton’
    ic50 : onMeasureBrowse: no visible global function definition for
     ‘tclvalue<-’
    ic50 : onMeasureBrowse: no visible global function definition for
     ‘tclvalue’
    ic50 : onMeasureBrowse: no visible global function definition for
     ‘tkgetOpenFile’
    ic50 : onControlBrowse: no visible global function definition for
     ‘tclvalue<-’
    ic50 : onControlBrowse: no visible global function definition for
     ‘tclvalue’
    ic50 : onControlBrowse: no visible global function definition for
     ‘tkgetOpenFile’
    ic50 : onDilutionBrowse: no visible global function definition for
     ‘tclvalue<-’
    ic50 : onDilutionBrowse: no visible global function definition for
     ‘tclvalue’
    ic50 : onDilutionBrowse: no visible global function definition for
     ‘tkgetOpenFile’
    ic50 : onOutdirBrowse: no visible global function definition for
     ‘tclvalue<-’
    ic50 : onOutdirBrowse: no visible global function definition for
     ‘tclvalue’
    ic50 : onOutdirBrowse: no visible global function definition for
     ‘tkchooseDirectory’
    ic50 : onCompute: no visible global function definition for ‘tclvalue’
    ic50 : onCompute: no visible global function definition for ‘tclVar’
    ic50 : onCompute: no visible global function definition for ‘tkdestroy’
    ic50 : <anonymous>: no visible global function definition for
     ‘tkdestroy’
    ic50 : onMeasureEdit: no visible global function definition for
     ‘tclvalue’
    ic50 : onControlEdit: no visible global function definition for
     ‘tclvalue’
    ic50 : onDilutionEdit: no visible global function definition for
     ‘tclvalue’
    ic50 : onInhibPerc: no visible global function definition for
     ‘tclvalue’
    ic50: no visible global function definition for ‘tkgrid’
    ic50: no visible global function definition for ‘tklabel’
    ic50: no visible global function definition for ‘tkfocus’
    ic50: no visible global function definition for ‘tkwait.window’
    
    Found the following calls to data() loading into the global environment:
    File ‘ic50/R/misc.R’:
     data("default384_measure")
     data("default384_control")
     data("default384_dilution")
     data("default96_measure")
     data("default96_control")
     data("default96_dilution")
    See section ‘Good practice’ in ‘?data’.
Flavors: r-devel-linux-x86_64-debian-clang, r-devel-linux-x86_64-debian-gcc, r-devel-linux-x86_64-fedora-clang, r-devel-osx-x86_64-clang

Version: 1.4.2
Check: Rd line widths
Result: NOTE
    Rd file 'hts.Rd':
     \examples lines wider than 100 characters:
     measure="mpi384_measure.txt",control="mpi384_control.txt",dilution="mpi384_dilution.txt",
    
    Rd file 'ic50.Rd':
     \examples lines wider than 100 characters:
     measure="mpi384_measure.txt",control="mpi384_control.txt",dilution="mpi384_dilution.txt",
    
    These lines will be truncated in the PDF manual.
Flavors: r-devel-linux-x86_64-debian-clang, r-devel-linux-x86_64-debian-gcc, r-devel-linux-x86_64-fedora-clang, r-devel-linux-x86_64-fedora-gcc, r-patched-linux-x86_64, r-release-linux-x86_64

Version: 1.4.2
Check: R code for possible problems
Result: NOTE
    ic50: no visible global function definition for ‘tktoplevel’
    ic50: no visible global function definition for ‘tkwm.title’
    ic50: no visible global function definition for ‘tkradiobutton’
    ic50: no visible global function definition for ‘tclVar’
    ic50: no visible global function definition for ‘tkconfigure’
    ic50: no visible global function definition for ‘tkentry’
    ic50 : onIndirBrowse: no visible global function definition for
     ‘tclvalue<-’
    ic50 : onIndirBrowse: no visible global function definition for
     ‘tclvalue’
    ic50 : onIndirBrowse: no visible global function definition for
     ‘tkchooseDirectory’
    ic50: no visible global function definition for ‘tkbutton’
    ic50 : onMeasureBrowse: no visible global function definition for
     ‘tclvalue<-’
    ic50 : onMeasureBrowse: no visible global function definition for
     ‘tclvalue’
    ic50 : onMeasureBrowse: no visible global function definition for
     ‘tkgetOpenFile’
    ic50 : onControlBrowse: no visible global function definition for
     ‘tclvalue<-’
    ic50 : onControlBrowse: no visible global function definition for
     ‘tclvalue’
    ic50 : onControlBrowse: no visible global function definition for
     ‘tkgetOpenFile’
    ic50 : onDilutionBrowse: no visible global function definition for
     ‘tclvalue<-’
    ic50 : onDilutionBrowse: no visible global function definition for
     ‘tclvalue’
    ic50 : onDilutionBrowse: no visible global function definition for
     ‘tkgetOpenFile’
    ic50 : onOutdirBrowse: no visible global function definition for
     ‘tclvalue<-’
    ic50 : onOutdirBrowse: no visible global function definition for
     ‘tclvalue’
    ic50 : onOutdirBrowse: no visible global function definition for
     ‘tkchooseDirectory’
    ic50 : onCompute: no visible global function definition for ‘tclvalue’
    ic50 : onCompute: no visible global function definition for ‘tclVar’
    ic50 : onCompute: no visible global function definition for ‘tkdestroy’
    ic50 : <anonymous>: no visible global function definition for
     ‘tkdestroy’
    ic50 : onMeasureEdit: no visible global function definition for
     ‘tclvalue’
    ic50 : onControlEdit: no visible global function definition for
     ‘tclvalue’
    ic50 : onDilutionEdit: no visible global function definition for
     ‘tclvalue’
    ic50 : onInhibPerc: no visible global function definition for
     ‘tclvalue’
    ic50: no visible global function definition for ‘tkgrid’
    ic50: no visible global function definition for ‘tklabel’
    ic50: no visible global function definition for ‘tkfocus’
    ic50: no visible global function definition for ‘tkwait.window’
Flavors: r-devel-linux-x86_64-fedora-gcc, r-devel-windows-ix86+x86_64

Version: 1.4.2
Check: R code for possible problems
Result: NOTE
    Found the following calls to data() loading into the global environment:
    File ‘ic50/R/misc.R’:
     data("default384_measure")
     data("default384_control")
     data("default384_dilution")
     data("default96_measure")
     data("default96_control")
     data("default96_dilution")
    See section ‘Good practice’ in ‘?data’.
Flavors: r-patched-linux-x86_64, r-release-linux-ix86, r-release-linux-x86_64

Version: 1.4.2
Check: dependencies in R code
Result: NOTE
    'library' or 'require' call to ‘tcltk’ which was already attached by Depends.
     Please remove these calls from your code.
    See the information on DESCRIPTION files in the chapter ‘Creating R
    packages’ of the ‘Writing R Extensions’ manual.
Flavors: r-release-linux-ix86, r-release-linux-x86_64, r-release-osx-x86_64-mavericks, r-release-windows-ix86+x86_64, r-oldrel-windows-ix86+x86_64