Last updated on 2014-10-10 15:49:10.
Flavor | Version | Tinstall | Tcheck | Ttotal | Status | Flags |
---|---|---|---|---|---|---|
r-devel-linux-x86_64-debian-clang | 0.2-1 | 1.16 | 8.72 | 9.88 | NOTE | |
r-devel-linux-x86_64-debian-gcc | 0.2-1 | 1.40 | 8.58 | 9.98 | NOTE | |
r-devel-linux-x86_64-fedora-clang | 0.2-1 | 19.66 | NOTE | |||
r-devel-linux-x86_64-fedora-gcc | 0.2-1 | 20.14 | NOTE | |||
r-devel-osx-x86_64-clang | 0.2-1 | 21.49 | OK | |||
r-devel-windows-ix86+x86_64 | 0.2-1 | 8.00 | 17.00 | 25.00 | OK | |
r-patched-linux-x86_64 | 0.2-1 | 1.46 | 8.36 | 9.81 | NOTE | |
r-patched-solaris-sparc | 0.2-1 | 125.90 | OK | |||
r-patched-solaris-x86 | 0.2-1 | 29.30 | OK | |||
r-release-linux-ix86 | 0.2-1 | 1.98 | 13.81 | 15.80 | OK | |
r-release-linux-x86_64 | 0.2-1 | 1.33 | 9.02 | 10.35 | NOTE | |
r-release-osx-x86_64-mavericks | 0.2-1 | OK | ||||
r-release-windows-ix86+x86_64 | 0.2-1 | 14.00 | 26.00 | 40.00 | OK | |
r-oldrel-windows-ix86+x86_64 | 0.2-1 | 9.00 | 19.00 | 28.00 | OK |
Version: 0.2-1
Check: top-level files
Result: NOTE
Non-standard file/directory found at top level:
‘README.Idcoefs2b1.txt’
Flavors: r-devel-linux-x86_64-debian-clang, r-devel-linux-x86_64-debian-gcc, r-devel-linux-x86_64-fedora-clang, r-devel-linux-x86_64-fedora-gcc, r-patched-linux-x86_64, r-release-linux-x86_64