Last updated on 2014-10-10 15:49:10.
Flavor | Version | Tinstall | Tcheck | Ttotal | Status | Flags |
---|---|---|---|---|---|---|
r-devel-linux-x86_64-debian-clang | 0.9.3 | 0.89 | 12.07 | 12.96 | NOTE | |
r-devel-linux-x86_64-debian-gcc | 0.9.3 | 0.89 | 11.98 | 12.87 | NOTE | |
r-devel-linux-x86_64-fedora-clang | 0.9.3 | 26.83 | NOTE | |||
r-devel-linux-x86_64-fedora-gcc | 0.9.3 | 24.60 | NOTE | |||
r-devel-osx-x86_64-clang | 0.9.3 | 26.48 | OK | |||
r-devel-windows-ix86+x86_64 | 0.9.3 | 6.00 | 25.00 | 31.00 | OK | |
r-patched-linux-x86_64 | 0.9.3 | 0.90 | 12.50 | 13.40 | NOTE | |
r-patched-solaris-sparc | 0.9.3 | 160.30 | OK | |||
r-patched-solaris-x86 | 0.9.3 | 36.40 | OK | |||
r-release-linux-ix86 | 0.9.3 | 1.33 | 18.22 | 19.55 | OK | |
r-release-linux-x86_64 | 0.9.3 | 0.90 | 11.66 | 12.56 | NOTE | |
r-release-osx-x86_64-mavericks | 0.9.3 | OK | ||||
r-release-osx-x86_64-snowleopard | 0.9.3 | OK | ||||
r-release-windows-ix86+x86_64 | 0.9.3 | 8.00 | 36.00 | 44.00 | OK | |
r-oldrel-windows-ix86+x86_64 | 0.9.3 | 5.00 | 26.00 | 31.00 | OK |
Version: 0.9.3
Check: Rd line widths
Result: NOTE
Rd file 'intcox.example.Rd':
\examples lines wider than 100 characters:
{ ... [TRUNCATED]
These lines will be truncated in the PDF manual.
Flavors: r-devel-linux-x86_64-debian-clang, r-devel-linux-x86_64-debian-gcc, r-devel-linux-x86_64-fedora-clang, r-devel-linux-x86_64-fedora-gcc, r-patched-linux-x86_64, r-release-linux-x86_64